Last updated on 2025-10-24 00:51:09 CEST.
| Flavor | Version | Tinstall | Tcheck | Ttotal | Status | Flags |
|---|---|---|---|---|---|---|
| r-devel-linux-x86_64-debian-clang | 0.5.1 | 2.20 | 23.40 | 25.60 | NOTE | |
| r-devel-linux-x86_64-debian-gcc | 0.5.1 | 1.65 | 19.47 | 21.12 | OK | |
| r-devel-linux-x86_64-fedora-clang | 0.5.1 | 37.76 | OK | |||
| r-devel-linux-x86_64-fedora-gcc | 0.5.1 | 36.52 | OK | |||
| r-devel-windows-x86_64 | 0.5.1 | 5.00 | 57.00 | 62.00 | OK | |
| r-patched-linux-x86_64 | 0.5.1 | 2.13 | 22.09 | 24.22 | OK | |
| r-release-linux-x86_64 | 0.5.1 | 2.14 | 22.11 | 24.25 | OK | |
| r-release-macos-arm64 | 0.5.1 | 1.00 | 20.00 | 21.00 | OK | |
| r-release-macos-x86_64 | 0.5.1 | 2.00 | 26.00 | 28.00 | OK | |
| r-release-windows-x86_64 | 0.5.1 | 10.00 | 112.00 | 122.00 | OK | |
| r-oldrel-macos-arm64 | 0.5.1 | 1.00 | 22.00 | 23.00 | OK | |
| r-oldrel-macos-x86_64 | 0.5.1 | 2.00 | 27.00 | 29.00 | OK | |
| r-oldrel-windows-x86_64 | 0.5.1 | 5.00 | 52.00 | 57.00 | OK |
Version: 0.5.1
Check: HTML version of manual
Result: NOTE
Found the following HTML validation problems:
set_ops.html:53:1 (set_ops.Rd:13): Warning: missing </ul> before </div>
Flavor: r-devel-linux-x86_64-debian-clang