Last updated on 2025-10-24 12:50:13 CEST.
| Flavor | Version | Tinstall | Tcheck | Ttotal | Status | Flags |
|---|---|---|---|---|---|---|
| r-devel-linux-x86_64-debian-clang | 1.0 | 1.52 | 18.43 | 19.95 | NOTE | |
| r-devel-linux-x86_64-debian-gcc | 1.0 | 1.18 | 15.69 | 16.87 | NOTE | |
| r-devel-linux-x86_64-fedora-clang | 1.0 | 29.69 | OK | |||
| r-devel-linux-x86_64-fedora-gcc | 1.0 | 28.44 | OK | |||
| r-devel-windows-x86_64 | 1.0 | 2.00 | 37.00 | 39.00 | OK | |
| r-patched-linux-x86_64 | 1.0 | 1.59 | 17.60 | 19.19 | OK | |
| r-release-linux-x86_64 | 1.0 | 1.58 | 17.58 | 19.16 | OK | |
| r-release-macos-arm64 | 1.0 | 1.00 | 13.00 | 14.00 | OK | |
| r-release-macos-x86_64 | 1.0 | 2.00 | 22.00 | 24.00 | OK | |
| r-release-windows-x86_64 | 1.0 | 2.00 | 41.00 | 43.00 | OK | |
| r-oldrel-macos-arm64 | 1.0 | 1.00 | 12.00 | 13.00 | OK | |
| r-oldrel-macos-x86_64 | 1.0 | 1.00 | 18.00 | 19.00 | OK | |
| r-oldrel-windows-x86_64 | 1.0 | 2.00 | 37.00 | 39.00 | OK |
Version: 1.0
Check: CRAN incoming feasibility
Result: NOTE
Maintainer: ‘Elizabeth Gonzalez Estrada <egonzalez@colpos.mx>’
No Authors@R field in DESCRIPTION.
Please add one, modifying
Authors@R: c(person(given = "Elizabeth",
family = "Gonzalez-Estrada",
role = "aut"),
person(given = c("Jose", "A."),
family = "Villasenor-Alva",
role = "aut"),
person(given = c("Elizabeth", "Gonzalez"),
family = "Estrada",
role = "cre",
email = "egonzalez@colpos.mx"))
as necessary.
Flavors: r-devel-linux-x86_64-debian-clang, r-devel-linux-x86_64-debian-gcc