Last updated on 2025-11-03 12:49:57 CET.
| Flavor | Version | Tinstall | Tcheck | Ttotal | Status | Flags | 
|---|---|---|---|---|---|---|
| r-devel-linux-x86_64-debian-clang | 2.1.3 | 2.19 | 26.49 | 28.68 | NOTE | |
| r-devel-linux-x86_64-debian-gcc | 2.1.3 | 1.76 | 20.98 | 22.74 | NOTE | |
| r-devel-linux-x86_64-fedora-clang | 2.1.3 | 44.18 | OK | |||
| r-devel-linux-x86_64-fedora-gcc | 2.1.3 | 55.74 | OK | |||
| r-devel-windows-x86_64 | 2.1.3 | 3.00 | 45.00 | 48.00 | OK | |
| r-patched-linux-x86_64 | 2.1.3 | 2.29 | 25.04 | 27.33 | OK | |
| r-release-linux-x86_64 | 2.1.3 | 2.18 | 25.15 | 27.33 | OK | |
| r-release-macos-arm64 | 2.1.3 | 1.00 | 23.00 | 24.00 | OK | |
| r-release-macos-x86_64 | 2.1.3 | 3.00 | 69.00 | 72.00 | OK | |
| r-release-windows-x86_64 | 2.1.3 | 3.00 | 46.00 | 49.00 | OK | |
| r-oldrel-macos-arm64 | 2.1.3 | 1.00 | 21.00 | 22.00 | OK | |
| r-oldrel-macos-x86_64 | 2.1.3 | 2.00 | 34.00 | 36.00 | OK | |
| r-oldrel-windows-x86_64 | 2.1.3 | 4.00 | 54.00 | 58.00 | OK | 
Version: 2.1.3
Check: CRAN incoming feasibility
Result: NOTE
  Maintainer: ‘Alexander Keyel <skeyel@gmail.com>’
  
  No Authors@R field in DESCRIPTION.
  Please add one, modifying
    Authors@R: person(given = "Alexander",
                      family = "Keyel",
                      role = c("aut", "cre"),
                      email = "skeyel@gmail.com")
  as necessary.
Flavors: r-devel-linux-x86_64-debian-clang, r-devel-linux-x86_64-debian-gcc