Last updated on 2024-06-08 00:53:22 CEST.
Flavor | Version | Tinstall | Tcheck | Ttotal | Status | Flags |
---|---|---|---|---|---|---|
r-devel-linux-x86_64-debian-clang | 4.1.2 | 749.71 | 57.34 | 807.05 | NOTE | |
r-devel-linux-x86_64-debian-gcc | 4.1.2 | 710.59 | 43.44 | 754.03 | NOTE | |
r-devel-linux-x86_64-fedora-clang | 4.1.2 | 1388.08 | NOTE | |||
r-devel-linux-x86_64-fedora-gcc | 4.1.2 | 1573.08 | NOTE | |||
r-devel-windows-x86_64 | 4.1.2 | 694.00 | 118.00 | 812.00 | NOTE | |
r-patched-linux-x86_64 | 4.1.2 | 876.36 | 53.93 | 930.29 | NOTE | |
r-release-linux-x86_64 | 4.1.2 | 881.71 | 53.48 | 935.19 | NOTE | |
r-release-macos-arm64 | 4.1.2 | 264.00 | NOTE | |||
r-release-macos-x86_64 | 4.1.2 | 191.00 | NOTE | |||
r-release-windows-x86_64 | 4.1.2 | 696.00 | 128.00 | 824.00 | NOTE | |
r-oldrel-macos-arm64 | 4.1.2 | 355.00 | NOTE | |||
r-oldrel-macos-x86_64 | 4.1.2 | 595.00 | NOTE | |||
r-oldrel-windows-x86_64 | 4.1.2 | 829.00 | 138.00 | 967.00 | NOTE |
Version: 4.1.2
Check: C++ specification
Result: NOTE
Specified C++14: please drop specification unless essential
Flavors: r-devel-linux-x86_64-debian-clang, r-devel-linux-x86_64-debian-gcc, r-devel-linux-x86_64-fedora-clang, r-devel-linux-x86_64-fedora-gcc, r-devel-windows-x86_64, r-patched-linux-x86_64, r-release-linux-x86_64, r-release-macos-arm64, r-release-macos-x86_64, r-release-windows-x86_64, r-oldrel-macos-arm64, r-oldrel-macos-x86_64, r-oldrel-windows-x86_64
Version: 4.1.2
Check: Rd files
Result: NOTE
checkRd: (-1) LayerMeasures.Rd:24: Lost braces in \itemize; meant \describe ?
checkRd: (-1) LayerMeasures.Rd:25: Lost braces in \itemize; meant \describe ?
checkRd: (-1) LayerMeasures.Rd:26: Lost braces in \itemize; meant \describe ?
checkRd: (-1) Plot.Rd:38: Lost braces; missing escapes or markup?
38 | \item{vertex.shape}{Symbol to use for nodes, corresponding to the parameter {pch} of the R \code{points} function. This can either
| ^
Flavors: r-devel-linux-x86_64-debian-clang, r-devel-linux-x86_64-debian-gcc, r-devel-linux-x86_64-fedora-clang, r-devel-linux-x86_64-fedora-gcc, r-devel-windows-x86_64, r-patched-linux-x86_64, r-release-linux-x86_64, r-release-macos-arm64, r-release-macos-x86_64, r-release-windows-x86_64
Version: 4.1.2
Check: installed package size
Result: NOTE
installed size is 85.6Mb
sub-directories of 1Mb or more:
libs 85.4Mb
Flavors: r-release-macos-arm64, r-release-macos-x86_64, r-oldrel-macos-arm64, r-oldrel-macos-x86_64