Last updated on 2025-10-24 12:50:12 CEST.
| Flavor | Version | Tinstall | Tcheck | Ttotal | Status | Flags |
|---|---|---|---|---|---|---|
| r-devel-linux-x86_64-debian-clang | 0.1.0 | 3.28 | 18.80 | 22.08 | NOTE | |
| r-devel-linux-x86_64-debian-gcc | 0.1.0 | 2.53 | 15.71 | 18.24 | NOTE | |
| r-devel-linux-x86_64-fedora-clang | 0.1.0 | 31.73 | OK | |||
| r-devel-linux-x86_64-fedora-gcc | 0.1.0 | 30.92 | OK | |||
| r-devel-windows-x86_64 | 0.1.0 | 4.00 | 36.00 | 40.00 | OK | |
| r-patched-linux-x86_64 | 0.1.0 | 3.16 | 17.89 | 21.05 | OK | |
| r-release-linux-x86_64 | 0.1.0 | 3.25 | 17.61 | 20.86 | OK | |
| r-release-macos-arm64 | 0.1.0 | 2.00 | 17.00 | 19.00 | OK | |
| r-release-macos-x86_64 | 0.1.0 | 6.00 | 26.00 | 32.00 | OK | |
| r-release-windows-x86_64 | 0.1.0 | 5.00 | 39.00 | 44.00 | OK | |
| r-oldrel-macos-arm64 | 0.1.0 | 2.00 | 13.00 | 15.00 | OK | |
| r-oldrel-macos-x86_64 | 0.1.0 | 4.00 | 21.00 | 25.00 | OK | |
| r-oldrel-windows-x86_64 | 0.1.0 | 5.00 | 36.00 | 41.00 | OK |
Version: 0.1.0
Check: CRAN incoming feasibility
Result: NOTE
Maintainer: ‘Oliver Keyes <ironholds@gmail.com>’
No Authors@R field in DESCRIPTION.
Please add one, modifying
Authors@R: c(person(given = "Oliver",
family = "Keyes",
role = c("aut", "cre"),
email = "ironholds@gmail.com"),
person(given = "MuckRock",
family = "Project",
role = "cph"))
as necessary.
The Description field contains
the 'MuckRock' (https://www.muckrock.com/) project under the United
Please enclose URLs in angle brackets (<...>).
Flavors: r-devel-linux-x86_64-debian-clang, r-devel-linux-x86_64-debian-gcc