Last updated on 2025-10-24 12:50:12 CEST.
| Flavor | Version | Tinstall | Tcheck | Ttotal | Status | Flags |
|---|---|---|---|---|---|---|
| r-devel-linux-x86_64-debian-clang | 1.5 | 4.80 | 32.95 | 37.75 | NOTE | |
| r-devel-linux-x86_64-debian-gcc | 1.5 | 3.15 | 24.58 | 27.73 | NOTE | |
| r-devel-linux-x86_64-fedora-clang | 1.5 | 14.00 | 46.81 | 60.81 | NOTE | |
| r-devel-linux-x86_64-fedora-gcc | 1.5 | 12.00 | 43.15 | 55.15 | NOTE | |
| r-devel-windows-x86_64 | 1.5 | 5.00 | 44.00 | 49.00 | NOTE | |
| r-patched-linux-x86_64 | 1.5 | 4.47 | 30.92 | 35.39 | NOTE | |
| r-release-linux-x86_64 | 1.5 | 4.64 | 30.73 | 35.37 | NOTE | |
| r-release-macos-arm64 | 1.5 | 2.00 | 17.00 | 19.00 | NOTE | |
| r-release-macos-x86_64 | 1.5 | 4.00 | 29.00 | 33.00 | NOTE | |
| r-release-windows-x86_64 | 1.5 | 5.00 | 47.00 | 52.00 | NOTE | |
| r-oldrel-macos-arm64 | 1.5 | 2.00 | 15.00 | 17.00 | NOTE | |
| r-oldrel-macos-x86_64 | 1.5 | 3.00 | 25.00 | 28.00 | NOTE | |
| r-oldrel-windows-x86_64 | 1.5 | 5.00 | 45.00 | 50.00 | NOTE |
Version: 1.5
Check: CRAN incoming feasibility
Result: NOTE
Maintainer: ‘Charles-Edouard Giguere <ce.giguere@gmail.com>’
No Authors@R field in DESCRIPTION.
Please add one, modifying
Authors@R: person(given = "Charles-Edouard",
family = "Giguere",
role = c("aut", "cre"),
email = "ce.giguere@gmail.com")
as necessary.
Flavors: r-devel-linux-x86_64-debian-clang, r-devel-linux-x86_64-debian-gcc
Version: 1.5
Check: Rd files
Result: NOTE
checkRd: (-1) mmeln.Rd:69: Lost braces; missing escapes or markup?
69 | \item{obj$M}{Number of total observations sum_{i=1}^N(pi)}
| ^
Flavors: r-devel-linux-x86_64-debian-clang, r-devel-linux-x86_64-debian-gcc, r-devel-linux-x86_64-fedora-clang, r-devel-linux-x86_64-fedora-gcc, r-devel-windows-x86_64, r-patched-linux-x86_64, r-release-linux-x86_64, r-release-macos-arm64, r-release-macos-x86_64, r-release-windows-x86_64, r-oldrel-macos-arm64, r-oldrel-macos-x86_64, r-oldrel-windows-x86_64