Last updated on 2025-10-24 12:50:12 CEST.
| Flavor | Version | Tinstall | Tcheck | Ttotal | Status | Flags |
|---|---|---|---|---|---|---|
| r-devel-linux-x86_64-debian-clang | 1.2.1 | 2.19 | 26.23 | 28.42 | OK | |
| r-devel-linux-x86_64-debian-gcc | 1.2.1 | 1.55 | 19.54 | 21.09 | OK | |
| r-devel-linux-x86_64-fedora-clang | 1.2.1 | 43.75 | OK | |||
| r-devel-linux-x86_64-fedora-gcc | 1.2.1 | 40.71 | OK | |||
| r-devel-windows-x86_64 | 1.2.1 | 3.00 | 45.00 | 48.00 | OK | |
| r-patched-linux-x86_64 | 1.2.1 | 1.81 | 24.91 | 26.72 | OK | |
| r-release-linux-x86_64 | 1.2.1 | 1.89 | 24.72 | 26.61 | OK | |
| r-release-macos-arm64 | 1.2.1 | 1.00 | 16.00 | 17.00 | OK | |
| r-release-macos-x86_64 | 1.2.1 | 2.00 | 25.00 | 27.00 | OK | |
| r-release-windows-x86_64 | 1.2.1 | 3.00 | 49.00 | 52.00 | OK | |
| r-oldrel-macos-arm64 | 1.2.1 | 1.00 | 15.00 | 16.00 | NOTE | |
| r-oldrel-macos-x86_64 | 1.2.1 | 2.00 | 21.00 | 23.00 | NOTE | |
| r-oldrel-windows-x86_64 | 1.2.1 | 4.00 | 44.00 | 48.00 | NOTE |
Version: 1.2.1
Check: LazyData
Result: NOTE
'LazyData' is specified without a 'data' directory
Flavors: r-oldrel-macos-arm64, r-oldrel-macos-x86_64, r-oldrel-windows-x86_64