CRAN Package Check Results for Package minque

Last updated on 2025-10-24 00:51:08 CEST.

Flavor Version Tinstall Tcheck Ttotal Status Flags
r-devel-linux-x86_64-debian-clang 2.0.0 6.16 43.76 49.92 NOTE
r-devel-linux-x86_64-debian-gcc 2.0.0 3.74 31.46 35.20 NOTE
r-devel-linux-x86_64-fedora-clang 2.0.0 17.00 61.97 78.97 OK
r-devel-linux-x86_64-fedora-gcc 2.0.0 12.00 60.36 72.36 OK
r-devel-windows-x86_64 2.0.0 6.00 55.00 61.00 OK
r-patched-linux-x86_64 2.0.0 6.18 43.30 49.48 OK
r-release-linux-x86_64 2.0.0 4.56 43.62 48.18 OK
r-release-macos-arm64 2.0.0 2.00 21.00 23.00 OK
r-release-macos-x86_64 2.0.0 4.00 40.00 44.00 OK
r-release-windows-x86_64 2.0.0 8.00 61.00 69.00 OK
r-oldrel-macos-arm64 2.0.0 2.00 21.00 23.00 OK
r-oldrel-macos-x86_64 2.0.0 4.00 32.00 36.00 OK
r-oldrel-windows-x86_64 2.0.0 6.00 56.00 62.00 OK

Check Details

Version: 2.0.0
Check: CRAN incoming feasibility
Result: NOTE Maintainer: ‘Jixiang Wu <jixiang.wu@sdstate.edu>’ No Authors@R field in DESCRIPTION. Please add one, modifying Authors@R: person(given = "Jixiang", family = "Wu", role = c("aut", "cre"), email = "jixiang.wu@sdstate.edu") as necessary. Flavors: r-devel-linux-x86_64-debian-clang, r-devel-linux-x86_64-debian-gcc