CRAN Package Check Results for Package minque

Last updated on 2025-11-21 00:48:37 CET.

Flavor Version Tinstall Tcheck Ttotal Status Flags
r-devel-linux-x86_64-debian-clang 2.0.0 4.68 43.67 48.35 NOTE
r-devel-linux-x86_64-debian-gcc 2.0.0 4.29 32.14 36.43 NOTE
r-devel-linux-x86_64-fedora-clang 2.0.0 13.00 65.92 78.92 OK
r-devel-linux-x86_64-fedora-gcc 2.0.0 13.00 60.63 73.63 OK
r-devel-windows-x86_64 2.0.0 8.00 55.00 63.00 OK
r-patched-linux-x86_64 2.0.0 6.10 43.31 49.41 OK
r-release-linux-x86_64 2.0.0 4.94 43.97 48.91 OK
r-release-macos-arm64 2.0.0 OK
r-release-macos-x86_64 2.0.0 4.00 40.00 44.00 OK
r-release-windows-x86_64 2.0.0 6.00 54.00 60.00 OK
r-oldrel-macos-arm64 2.0.0 OK
r-oldrel-macos-x86_64 2.0.0 4.00 32.00 36.00 OK
r-oldrel-windows-x86_64 2.0.0 6.00 56.00 62.00 OK

Check Details

Version: 2.0.0
Check: CRAN incoming feasibility
Result: NOTE Maintainer: ‘Jixiang Wu <jixiang.wu@sdstate.edu>’ No Authors@R field in DESCRIPTION. Please add one, modifying Authors@R: person(given = "Jixiang", family = "Wu", role = c("aut", "cre"), email = "jixiang.wu@sdstate.edu") as necessary. Flavors: r-devel-linux-x86_64-debian-clang, r-devel-linux-x86_64-debian-gcc