CRAN Package Check Results for Package metsyn

Last updated on 2025-07-04 00:50:08 CEST.

Flavor Version Tinstall Tcheck Ttotal Status Flags
r-devel-linux-x86_64-debian-clang 0.1.2 3.51 33.29 36.80 OK
r-devel-linux-x86_64-debian-gcc 0.1.2 2.63 25.43 28.06 OK
r-devel-linux-x86_64-fedora-clang 0.1.2 54.13 OK
r-devel-linux-x86_64-fedora-gcc 0.1.2 52.89 OK
r-devel-windows-x86_64 0.1.2 5.00 49.00 54.00 OK
r-patched-linux-x86_64 0.1.2 3.75 29.51 33.26 OK
r-release-linux-x86_64 0.1.2 3.63 29.85 33.48 OK
r-release-macos-arm64 0.1.2 21.00 OK
r-release-macos-x86_64 0.1.2 34.00 OK
r-release-windows-x86_64 0.1.2 6.00 51.00 57.00 OK
r-oldrel-macos-arm64 0.1.2 21.00 NOTE
r-oldrel-macos-x86_64 0.1.2 33.00 NOTE
r-oldrel-windows-x86_64 0.1.2 7.00 57.00 64.00 NOTE

Check Details

Version: 0.1.2
Check: LazyData
Result: NOTE 'LazyData' is specified without a 'data' directory Flavors: r-oldrel-macos-arm64, r-oldrel-macos-x86_64, r-oldrel-windows-x86_64