Last updated on 2025-10-24 12:50:11 CEST.
| Flavor | Version | Tinstall | Tcheck | Ttotal | Status | Flags |
|---|---|---|---|---|---|---|
| r-devel-linux-x86_64-debian-clang | 1.0.0 | 2.52 | 22.81 | 25.33 | OK | |
| r-devel-linux-x86_64-debian-gcc | 1.0.0 | 1.85 | 18.26 | 20.11 | OK | |
| r-devel-linux-x86_64-fedora-clang | 1.0.0 | 37.71 | OK | |||
| r-devel-linux-x86_64-fedora-gcc | 1.0.0 | 33.76 | OK | |||
| r-devel-windows-x86_64 | 1.0.0 | 3.00 | 38.00 | 41.00 | OK | |
| r-patched-linux-x86_64 | 1.0.0 | 2.49 | 21.15 | 23.64 | OK | |
| r-release-linux-x86_64 | 1.0.0 | 2.40 | 21.08 | 23.48 | OK | |
| r-release-macos-arm64 | 1.0.0 | 2.00 | 13.00 | 15.00 | OK | |
| r-release-macos-x86_64 | 1.0.0 | 2.00 | 22.00 | 24.00 | OK | |
| r-release-windows-x86_64 | 1.0.0 | 3.00 | 41.00 | 44.00 | OK | |
| r-oldrel-macos-arm64 | 1.0.0 | 1.00 | 13.00 | 14.00 | NOTE | |
| r-oldrel-macos-x86_64 | 1.0.0 | 2.00 | 21.00 | 23.00 | NOTE | |
| r-oldrel-windows-x86_64 | 1.0.0 | 3.00 | 38.00 | 41.00 | NOTE |
Version: 1.0.0
Check: LazyData
Result: NOTE
'LazyData' is specified without a 'data' directory
Flavors: r-oldrel-macos-arm64, r-oldrel-macos-x86_64, r-oldrel-windows-x86_64