Last updated on 2025-10-24 12:50:11 CEST.
| Flavor | Version | Tinstall | Tcheck | Ttotal | Status | Flags |
|---|---|---|---|---|---|---|
| r-devel-linux-x86_64-debian-clang | 3.3.2 | 13.54 | 56.06 | 69.60 | NOTE | |
| r-devel-linux-x86_64-debian-gcc | 3.3.2 | 7.25 | 37.71 | 44.96 | NOTE | |
| r-devel-linux-x86_64-fedora-clang | 3.3.2 | 26.00 | 83.74 | 109.74 | OK | |
| r-devel-linux-x86_64-fedora-gcc | 3.3.2 | 23.00 | 75.04 | 98.04 | OK | |
| r-devel-windows-x86_64 | 3.3.2 | 11.00 | 66.00 | 77.00 | OK | |
| r-patched-linux-x86_64 | 3.3.2 | 11.07 | 53.08 | 64.15 | OK | |
| r-release-linux-x86_64 | 3.3.2 | 10.74 | 53.16 | 63.90 | OK | |
| r-release-macos-arm64 | 3.3.2 | 5.00 | 22.00 | 27.00 | OK | |
| r-release-macos-x86_64 | 3.3.2 | 15.00 | 57.00 | 72.00 | OK | |
| r-release-windows-x86_64 | 3.3.2 | 11.00 | 73.00 | 84.00 | OK | |
| r-oldrel-macos-arm64 | 3.3.2 | 5.00 | 21.00 | 26.00 | OK | |
| r-oldrel-macos-x86_64 | 3.3.2 | 10.00 | 41.00 | 51.00 | OK | |
| r-oldrel-windows-x86_64 | 3.3.2 | 12.00 | 65.00 | 77.00 | OK |
Version: 3.3.2
Check: CRAN incoming feasibility
Result: NOTE
Maintainer: ‘Andre Berchtold <andre.berchtold@unil.ch>’
No Authors@R field in DESCRIPTION.
Please add one, modifying
Authors@R: c(person(given = "Ogier",
family = "Maitre",
role = "aut"),
person(given = "Kevin",
family = "Emery",
role = "aut"),
person(given = c("with", "contributions", "from", "Oliver"),
family = "Buschor",
role = "aut"),
person(given = "Andre",
family = "Berchtold",
role = c("aut", "cre"),
email = "andre.berchtold@unil.ch"))
as necessary.
Flavors: r-devel-linux-x86_64-debian-clang, r-devel-linux-x86_64-debian-gcc