Last updated on 2025-07-06 13:49:13 CEST.
Flavor | Version | Tinstall | Tcheck | Ttotal | Status | Flags |
---|---|---|---|---|---|---|
r-devel-linux-x86_64-debian-clang | 0.5.6 | 7.83 | 56.66 | 64.49 | OK | |
r-devel-linux-x86_64-debian-gcc | 0.5.6 | 5.62 | 40.03 | 45.65 | OK | |
r-devel-linux-x86_64-fedora-clang | 0.5.6 | 106.87 | OK | |||
r-devel-linux-x86_64-fedora-gcc | 0.5.6 | 95.54 | OK | |||
r-devel-windows-x86_64 | 0.5.6 | 9.00 | 67.00 | 76.00 | OK | |
r-patched-linux-x86_64 | 0.5.6 | 7.28 | 53.30 | 60.58 | OK | |
r-release-linux-x86_64 | 0.5.6 | 6.36 | 53.30 | 59.66 | OK | |
r-release-macos-arm64 | 0.5.6 | 35.00 | OK | |||
r-release-macos-x86_64 | 0.5.6 | 56.00 | OK | |||
r-release-windows-x86_64 | 0.5.6 | 9.00 | 67.00 | 76.00 | OK | |
r-oldrel-macos-arm64 | 0.5.6 | 28.00 | NOTE | |||
r-oldrel-macos-x86_64 | 0.5.6 | 48.00 | NOTE | |||
r-oldrel-windows-x86_64 | 0.5.6 | 12.00 | 82.00 | 94.00 | NOTE |
Version: 0.5.6
Check: LazyData
Result: NOTE
'LazyData' is specified without a 'data' directory
Flavors: r-oldrel-macos-arm64, r-oldrel-macos-x86_64, r-oldrel-windows-x86_64