CRAN Package Check Results for Package listcompr

Last updated on 2025-07-04 12:49:04 CEST.

Flavor Version Tinstall Tcheck Ttotal Status Flags
r-devel-linux-x86_64-debian-clang 0.4.0 2.70 36.22 38.92 NOTE
r-devel-linux-x86_64-debian-gcc 0.4.0 1.97 26.87 28.84 NOTE
r-devel-linux-x86_64-fedora-clang 0.4.0 63.23 OK
r-devel-linux-x86_64-fedora-gcc 0.4.0 72.81 OK
r-devel-windows-x86_64 0.4.0 3.00 54.00 57.00 OK
r-patched-linux-x86_64 0.4.0 2.43 34.67 37.10 OK
r-release-linux-x86_64 0.4.0 2.42 33.88 36.30 OK
r-release-macos-arm64 0.4.0 25.00 OK
r-release-macos-x86_64 0.4.0 53.00 OK
r-release-windows-x86_64 0.4.0 4.00 54.00 58.00 OK
r-oldrel-macos-arm64 0.4.0 24.00 OK
r-oldrel-macos-x86_64 0.4.0 39.00 OK
r-oldrel-windows-x86_64 0.4.0 4.00 64.00 68.00 OK

Check Details

Version: 0.4.0
Check: CRAN incoming feasibility
Result: NOTE Maintainer: ‘Patrick Roocks <mail@p-roocks.de>’ No Authors@R field in DESCRIPTION. Please add one, modifying Authors@R: person(given = "Patrick", family = "Roocks", role = c("aut", "cre"), email = "mail@p-roocks.de") as necessary. Flavors: r-devel-linux-x86_64-debian-clang, r-devel-linux-x86_64-debian-gcc