Last updated on 2025-10-24 00:51:07 CEST.
| Flavor | Version | Tinstall | Tcheck | Ttotal | Status | Flags |
|---|---|---|---|---|---|---|
| r-devel-linux-x86_64-debian-clang | 3.1.9-5 | 14.26 | 20.10 | 34.36 | OK | |
| r-devel-linux-x86_64-debian-gcc | 3.1.9-5 | 10.19 | 17.14 | 27.33 | OK | |
| r-devel-linux-x86_64-fedora-clang | 3.1.9-5 | 12.00 | 24.61 | 36.61 | OK | |
| r-devel-linux-x86_64-fedora-gcc | 3.1.9-5 | 38.00 | 15.69 | 53.69 | OK | |
| r-devel-windows-x86_64 | 3.1.9-5 | 48.00 | 35.00 | 83.00 | OK | |
| r-patched-linux-x86_64 | 3.1.9-5 | 13.50 | 17.44 | 30.94 | OK | |
| r-release-linux-x86_64 | 3.1.9-5 | 14.14 | 17.39 | 31.53 | OK | |
| r-release-macos-arm64 | 3.1.9-5 | 9.00 | 14.00 | 23.00 | OK | |
| r-release-macos-x86_64 | 3.1.9-5 | 25.00 | 22.00 | 47.00 | OK | |
| r-release-windows-x86_64 | 3.1.9-5 | 55.00 | 36.00 | 91.00 | OK | |
| r-oldrel-macos-arm64 | 3.1.9-5 | 9.00 | 18.00 | 27.00 | NOTE | |
| r-oldrel-macos-x86_64 | 3.1.9-5 | 24.00 | 25.00 | 49.00 | NOTE | |
| r-oldrel-windows-x86_64 | 3.1.9-5 | 61.00 | 38.00 | 99.00 | NOTE |
Version: 3.1.9-5
Check: for GNU extensions in Makefiles
Result: NOTE
GNU make is a SystemRequirements.
Flavors: r-oldrel-macos-arm64, r-oldrel-macos-x86_64, r-oldrel-windows-x86_64