Last updated on 2025-11-21 00:48:35 CET.
| Flavor | Version | Tinstall | Tcheck | Ttotal | Status | Flags |
|---|---|---|---|---|---|---|
| r-devel-linux-x86_64-debian-clang | 1.0 | 2.53 | 24.91 | 27.44 | NOTE | |
| r-devel-linux-x86_64-debian-gcc | 1.0 | 1.56 | 20.01 | 21.57 | NOTE | |
| r-devel-linux-x86_64-fedora-clang | 1.0 | 42.48 | NOTE | |||
| r-devel-linux-x86_64-fedora-gcc | 1.0 | 38.00 | NOTE | |||
| r-devel-windows-x86_64 | 1.0 | 3.00 | 42.00 | 45.00 | NOTE | |
| r-patched-linux-x86_64 | 1.0 | 2.37 | 23.90 | 26.27 | NOTE | |
| r-release-linux-x86_64 | 1.0 | 2.08 | 23.62 | 25.70 | NOTE | |
| r-release-macos-arm64 | 1.0 | NOTE | ||||
| r-release-macos-x86_64 | 1.0 | 2.00 | 26.00 | 28.00 | NOTE | |
| r-release-windows-x86_64 | 1.0 | 3.00 | 42.00 | 45.00 | NOTE | |
| r-oldrel-macos-arm64 | 1.0 | NOTE | ||||
| r-oldrel-macos-x86_64 | 1.0 | 2.00 | 24.00 | 26.00 | NOTE | |
| r-oldrel-windows-x86_64 | 1.0 | 3.00 | 44.00 | 47.00 | NOTE |
Version: 1.0
Check: Rd files
Result: NOTE
checkRd: (-1) GenerateData.Rd:35-36: Lost braces in \itemize; \value handles \item{}{} directly
checkRd: (-1) GenerateData.Rd:37-38: Lost braces in \itemize; \value handles \item{}{} directly
checkRd: (-1) GenerateData.Rd:39-40: Lost braces in \itemize; \value handles \item{}{} directly
checkRd: (-1) GenerateData.Rd:41-42: Lost braces in \itemize; \value handles \item{}{} directly
checkRd: (-1) GenerateData.Rd:43-44: Lost braces in \itemize; \value handles \item{}{} directly
checkRd: (-1) GenerateData.Rd:45: Lost braces in \itemize; \value handles \item{}{} directly
checkRd: (-1) landmix.estimator.Rd:59-65: Lost braces in \itemize; \value handles \item{}{} directly
checkRd: (-1) landmix.estimator.Rd:67-74: Lost braces in \itemize; \value handles \item{}{} directly
Flavors: r-devel-linux-x86_64-debian-clang, r-devel-linux-x86_64-debian-gcc, r-devel-linux-x86_64-fedora-clang, r-devel-linux-x86_64-fedora-gcc, r-devel-windows-x86_64, r-patched-linux-x86_64, r-release-linux-x86_64, r-release-macos-arm64, r-release-macos-x86_64, r-release-windows-x86_64, r-oldrel-macos-arm64, r-oldrel-macos-x86_64, r-oldrel-windows-x86_64