CRAN Package Check Results for Package l1kdeconv

Last updated on 2025-07-03 00:50:55 CEST.

Flavor Version Tinstall Tcheck Ttotal Status Flags
r-devel-linux-x86_64-debian-clang 1.2.0 13.41 101.46 114.87 NOTE
r-devel-linux-x86_64-debian-gcc 1.2.0 9.18 72.26 81.44 NOTE
r-devel-linux-x86_64-fedora-clang 1.2.0 174.49 OK
r-devel-linux-x86_64-fedora-gcc 1.2.0 154.43 OK
r-devel-windows-x86_64 1.2.0 13.00 104.00 117.00 OK
r-patched-linux-x86_64 1.2.0 12.72 93.67 106.39 OK
r-release-linux-x86_64 1.2.0 12.79 93.65 106.44 OK
r-release-macos-arm64 1.2.0 42.00 OK
r-release-macos-x86_64 1.2.0 88.00 OK
r-release-windows-x86_64 1.2.0 12.00 101.00 113.00 OK
r-oldrel-macos-arm64 1.2.0 46.00 OK
r-oldrel-macos-x86_64 1.2.0 78.00 OK
r-oldrel-windows-x86_64 1.2.0 18.00 128.00 146.00 OK

Check Details

Version: 1.2.0
Check: CRAN incoming feasibility
Result: NOTE Maintainer: ‘Zhao Li <lizhao.informatics@gmail.com>’ No Authors@R field in DESCRIPTION. Please add one, modifying Authors@R: c(person(given = "Zhao", family = "Li", role = c("aut", "cre"), email = "lizhao.informatics@gmail.com"), person(given = "Peng", family = "Yu", role = c("aut", "cre"))) as necessary. Flavors: r-devel-linux-x86_64-debian-clang, r-devel-linux-x86_64-debian-gcc