Last updated on 2025-10-24 12:50:10 CEST.
| Flavor | Version | Tinstall | Tcheck | Ttotal | Status | Flags |
|---|---|---|---|---|---|---|
| r-devel-linux-x86_64-debian-clang | 1.0 | 1.85 | 29.67 | 31.52 | NOTE | |
| r-devel-linux-x86_64-debian-gcc | 1.0 | 1.09 | 22.39 | 23.48 | NOTE | |
| r-devel-linux-x86_64-fedora-clang | 1.0 | 48.60 | OK | |||
| r-devel-linux-x86_64-fedora-gcc | 1.0 | 43.58 | OK | |||
| r-devel-windows-x86_64 | 1.0 | 3.00 | 52.00 | 55.00 | OK | |
| r-patched-linux-x86_64 | 1.0 | 1.96 | 29.21 | 31.17 | OK | |
| r-release-linux-x86_64 | 1.0 | 1.84 | 27.93 | 29.77 | OK | |
| r-release-macos-arm64 | 1.0 | 1.00 | 20.00 | 21.00 | OK | |
| r-release-macos-x86_64 | 1.0 | 2.00 | 33.00 | 35.00 | OK | |
| r-release-windows-x86_64 | 1.0 | 3.00 | 58.00 | 61.00 | OK | |
| r-oldrel-macos-arm64 | 1.0 | 1.00 | 19.00 | 20.00 | OK | |
| r-oldrel-macos-x86_64 | 1.0 | 2.00 | 27.00 | 29.00 | OK | |
| r-oldrel-windows-x86_64 | 1.0 | 3.00 | 55.00 | 58.00 | OK |
Version: 1.0
Check: CRAN incoming feasibility
Result: NOTE
Maintainer: ‘Westa Domanova <w.domanova@gmail.com>’
No Authors@R field in DESCRIPTION.
Please add one, modifying
Authors@R: person(given = "Westa",
family = "Domanova",
role = c("aut", "cre"),
email = "w.domanova@gmail.com")
as necessary.
Flavors: r-devel-linux-x86_64-debian-clang, r-devel-linux-x86_64-debian-gcc