CRAN Package Check Results for Package joinXL

Last updated on 2025-07-04 12:49:03 CEST.

Flavor Version Tinstall Tcheck Ttotal Status Flags
r-devel-linux-x86_64-debian-clang 1.0.1 7.05 63.89 70.94 OK
r-devel-linux-x86_64-debian-gcc 1.0.1 5.25 45.23 50.48 OK
r-devel-linux-x86_64-fedora-clang 1.0.1 104.35 OK
r-devel-linux-x86_64-fedora-gcc 1.0.1 104.63 OK
r-devel-windows-x86_64 1.0.1 8.00 70.00 78.00 OK
r-patched-linux-x86_64 1.0.1 7.30 56.93 64.23 OK
r-release-linux-x86_64 1.0.1 5.85 56.91 62.76 OK
r-release-macos-arm64 1.0.1 51.00 OK
r-release-macos-x86_64 1.0.1 68.00 OK
r-release-windows-x86_64 1.0.1 9.00 68.00 77.00 OK
r-oldrel-macos-arm64 1.0.1 37.00 NOTE
r-oldrel-macos-x86_64 1.0.1 56.00 NOTE
r-oldrel-windows-x86_64 1.0.1 11.00 89.00 100.00 NOTE

Check Details

Version: 1.0.1
Check: LazyData
Result: NOTE 'LazyData' is specified without a 'data' directory Flavors: r-oldrel-macos-arm64, r-oldrel-macos-x86_64, r-oldrel-windows-x86_64