Last updated on 2025-10-24 12:50:10 CEST.
| Flavor | Version | Tinstall | Tcheck | Ttotal | Status | Flags |
|---|---|---|---|---|---|---|
| r-devel-linux-x86_64-debian-clang | 1.1 | 1.60 | 19.14 | 20.74 | NOTE | |
| r-devel-linux-x86_64-debian-gcc | 1.1 | 1.28 | 15.91 | 17.19 | NOTE | |
| r-devel-linux-x86_64-fedora-clang | 1.1 | 30.50 | OK | |||
| r-devel-linux-x86_64-fedora-gcc | 1.1 | 28.13 | OK | |||
| r-devel-windows-x86_64 | 1.1 | 3.00 | 41.00 | 44.00 | OK | |
| r-patched-linux-x86_64 | 1.1 | 1.17 | 18.49 | 19.66 | OK | |
| r-release-linux-x86_64 | 1.1 | 1.55 | 18.24 | 19.79 | OK | |
| r-release-macos-arm64 | 1.1 | 1.00 | 16.00 | 17.00 | OK | |
| r-release-macos-x86_64 | 1.1 | 1.00 | 24.00 | 25.00 | OK | |
| r-release-windows-x86_64 | 1.1 | 2.00 | 45.00 | 47.00 | OK | |
| r-oldrel-macos-arm64 | 1.1 | 1.00 | 15.00 | 16.00 | OK | |
| r-oldrel-macos-x86_64 | 1.1 | 1.00 | 18.00 | 19.00 | OK | |
| r-oldrel-windows-x86_64 | 1.1 | 3.00 | 40.00 | 43.00 | OK |
Version: 1.1
Check: CRAN incoming feasibility
Result: NOTE
Maintainer: ‘J. Patrick Meyer <meyerjp3@gmail.com>’
No Authors@R field in DESCRIPTION.
Please add one, modifying
Authors@R: person(given = c("J.", "Patrick"),
family = "Meyer",
role = c("aut", "cre"),
email = "support@itemanalysis.com")
as necessary.
Flavors: r-devel-linux-x86_64-debian-clang, r-devel-linux-x86_64-debian-gcc