Last updated on 2025-10-24 12:50:09 CEST.
| Flavor | Version | Tinstall | Tcheck | Ttotal | Status | Flags |
|---|---|---|---|---|---|---|
| r-devel-linux-x86_64-debian-clang | 0.85-5 | 2.02 | 23.05 | 25.07 | NOTE | |
| r-devel-linux-x86_64-debian-gcc | 0.85-5 | 1.63 | 18.67 | 20.30 | NOTE | |
| r-devel-linux-x86_64-fedora-clang | 0.85-5 | 38.22 | OK | |||
| r-devel-linux-x86_64-fedora-gcc | 0.85-5 | 34.92 | OK | |||
| r-devel-windows-x86_64 | 0.85-5 | 2.00 | 47.00 | 49.00 | OK | |
| r-patched-linux-x86_64 | 0.85-5 | 2.29 | 22.40 | 24.69 | OK | |
| r-release-linux-x86_64 | 0.85-5 | 1.67 | 22.22 | 23.89 | OK | |
| r-release-macos-arm64 | 0.85-5 | 1.00 | 16.00 | 17.00 | OK | |
| r-release-macos-x86_64 | 0.85-5 | 3.00 | 31.00 | 34.00 | OK | |
| r-release-windows-x86_64 | 0.85-5 | 2.00 | 51.00 | 53.00 | OK | |
| r-oldrel-macos-arm64 | 0.85-5 | 1.00 | 16.00 | 17.00 | OK | |
| r-oldrel-macos-x86_64 | 0.85-5 | 2.00 | 21.00 | 23.00 | OK | |
| r-oldrel-windows-x86_64 | 0.85-5 | 3.00 | 48.00 | 51.00 | OK |
Version: 0.85-5
Check: CRAN incoming feasibility
Result: NOTE
Maintainer: ‘Jorge Luis Ojeda Cabrera <jojeda@unizar.es>’
No Authors@R field in DESCRIPTION.
Please add one, modifying
Authors@R: person(given = c("Jorge", "Luis", "Ojeda"),
family = "Cabrera",
role = c("aut", "cre"),
email = "jojeda@unizar.es")
as necessary.
Flavors: r-devel-linux-x86_64-debian-clang, r-devel-linux-x86_64-debian-gcc