Last updated on 2025-07-04 00:50:06 CEST.
Flavor | Version | Tinstall | Tcheck | Ttotal | Status | Flags |
---|---|---|---|---|---|---|
r-devel-linux-x86_64-debian-clang | 0.1.2 | 5.19 | 99.36 | 104.55 | NOTE | |
r-devel-linux-x86_64-debian-gcc | 0.1.2 | 3.31 | 62.84 | 66.15 | NOTE | |
r-devel-linux-x86_64-fedora-clang | 0.1.2 | 174.82 | OK | |||
r-devel-linux-x86_64-fedora-gcc | 0.1.2 | 166.93 | OK | |||
r-devel-windows-x86_64 | 0.1.2 | 6.00 | 104.00 | 110.00 | OK | |
r-patched-linux-x86_64 | 0.1.2 | 5.20 | 93.44 | 98.64 | OK | |
r-release-linux-x86_64 | 0.1.2 | 4.62 | 93.57 | 98.19 | OK | |
r-release-macos-arm64 | 0.1.2 | 46.00 | OK | |||
r-release-macos-x86_64 | 0.1.2 | 112.00 | OK | |||
r-release-windows-x86_64 | 0.1.2 | 8.00 | 104.00 | 112.00 | OK | |
r-oldrel-macos-arm64 | 0.1.2 | 44.00 | OK | |||
r-oldrel-macos-x86_64 | 0.1.2 | 78.00 | OK | |||
r-oldrel-windows-x86_64 | 0.1.2 | 8.00 | 135.00 | 143.00 | OK |
Version: 0.1.2
Check: CRAN incoming feasibility
Result: NOTE
Maintainer: ‘Daniel P. Palomar <daniel.p.palomar@gmail.com>’
Package CITATION file contains call(s) to old-style personList() or
as.personList(). Please use c() on person objects instead.
Package CITATION file contains call(s) to old-style citEntry(). Please
use bibentry() instead.
Flavors: r-devel-linux-x86_64-debian-clang, r-devel-linux-x86_64-debian-gcc