Last updated on 2025-10-24 12:50:09 CEST.
| Flavor | Version | Tinstall | Tcheck | Ttotal | Status | Flags |
|---|---|---|---|---|---|---|
| r-devel-linux-x86_64-debian-clang | 0.1.10 | 2.76 | 21.83 | 24.59 | NOTE | |
| r-devel-linux-x86_64-debian-gcc | 0.1.10 | 2.29 | 17.32 | 19.61 | NOTE | |
| r-devel-linux-x86_64-fedora-clang | 0.1.10 | 37.23 | OK | |||
| r-devel-linux-x86_64-fedora-gcc | 0.1.10 | 33.77 | OK | |||
| r-devel-windows-x86_64 | 0.1.10 | 5.00 | 39.00 | 44.00 | OK | |
| r-patched-linux-x86_64 | 0.1.10 | 2.84 | 20.78 | 23.62 | OK | |
| r-release-linux-x86_64 | 0.1.10 | 2.79 | 20.41 | 23.20 | OK | |
| r-release-macos-arm64 | 0.1.10 | 3.00 | 14.00 | 17.00 | OK | |
| r-release-macos-x86_64 | 0.1.10 | 4.00 | 22.00 | 26.00 | OK | |
| r-release-windows-x86_64 | 0.1.10 | 5.00 | 45.00 | 50.00 | OK | |
| r-oldrel-macos-arm64 | 0.1.10 | 2.00 | 14.00 | 16.00 | OK | |
| r-oldrel-macos-x86_64 | 0.1.10 | 3.00 | 19.00 | 22.00 | OK | |
| r-oldrel-windows-x86_64 | 0.1.10 | 6.00 | 39.00 | 45.00 | OK |
Version: 0.1.10
Check: CRAN incoming feasibility
Result: NOTE
Maintainer: ‘Stefano M. Iacus <siacus@iq.harvard.edu>’
No Authors@R field in DESCRIPTION.
Please add one, modifying
Authors@R: c(person(given = c("S.", "M."),
family = "Iacus",
role = "aut"),
person(given = c("Stefano", "M."),
family = "Iacus",
role = "cre",
email = "siacus@iq.harvard.edu"))
as necessary.
Flavors: r-devel-linux-x86_64-debian-clang, r-devel-linux-x86_64-debian-gcc