Last updated on 2025-10-24 00:51:05 CEST.
| Flavor | Version | Tinstall | Tcheck | Ttotal | Status | Flags |
|---|---|---|---|---|---|---|
| r-devel-linux-x86_64-debian-clang | 0.1 | 2.74 | 25.97 | 28.71 | OK | |
| r-devel-linux-x86_64-debian-gcc | 0.1 | 2.11 | 20.18 | 22.29 | OK | |
| r-devel-linux-x86_64-fedora-clang | 0.1 | 43.77 | OK | |||
| r-devel-linux-x86_64-fedora-gcc | 0.1 | 39.56 | OK | |||
| r-devel-windows-x86_64 | 0.1 | 3.00 | 42.00 | 45.00 | OK | |
| r-patched-linux-x86_64 | 0.1 | 3.18 | 24.77 | 27.95 | OK | |
| r-release-linux-x86_64 | 0.1 | 2.91 | 24.65 | 27.56 | OK | |
| r-release-macos-arm64 | 0.1 | 1.00 | 15.00 | 16.00 | OK | |
| r-release-macos-x86_64 | 0.1 | 2.00 | 23.00 | 25.00 | OK | |
| r-release-windows-x86_64 | 0.1 | 3.00 | 45.00 | 48.00 | OK | |
| r-oldrel-macos-arm64 | 0.1 | 1.00 | 14.00 | 15.00 | NOTE | |
| r-oldrel-macos-x86_64 | 0.1 | 4.00 | 22.00 | 26.00 | NOTE | |
| r-oldrel-windows-x86_64 | 0.1 | 4.00 | 42.00 | 46.00 | NOTE |
Version: 0.1
Check: LazyData
Result: NOTE
'LazyData' is specified without a 'data' directory
Flavors: r-oldrel-macos-arm64, r-oldrel-macos-x86_64, r-oldrel-windows-x86_64