CRAN Package Check Results for Package histmdl

Last updated on 2025-10-24 12:50:08 CEST.

Flavor Version Tinstall Tcheck Ttotal Status Flags
r-devel-linux-x86_64-debian-clang 0.7-1 2.33 20.03 22.36 NOTE
r-devel-linux-x86_64-debian-gcc 0.7-1 1.77 15.73 17.50 NOTE
r-devel-linux-x86_64-fedora-clang 0.7-1 32.84 OK
r-devel-linux-x86_64-fedora-gcc 0.7-1 29.00 OK
r-devel-windows-x86_64 0.7-1 5.00 38.00 43.00 OK
r-patched-linux-x86_64 0.7-1 2.05 18.43 20.48 OK
r-release-linux-x86_64 0.7-1 1.86 18.29 20.15 OK
r-release-macos-arm64 0.7-1 2.00 14.00 16.00 OK
r-release-macos-x86_64 0.7-1 4.00 20.00 24.00 OK
r-release-windows-x86_64 0.7-1 5.00 44.00 49.00 OK
r-oldrel-macos-arm64 0.7-1 2.00 13.00 15.00 OK
r-oldrel-macos-x86_64 0.7-1 3.00 19.00 22.00 OK
r-oldrel-windows-x86_64 0.7-1 4.00 39.00 43.00 OK

Check Details

Version: 0.7-1
Check: CRAN incoming feasibility
Result: NOTE Maintainer: ‘Jouke Witteveen <j.witteveen@gmail.com>’ No Authors@R field in DESCRIPTION. Please add one, modifying Authors@R: person(given = "Jouke", family = "Witteveen", role = c("aut", "cre"), email = "j.witteveen@gmail.com") as necessary. Flavors: r-devel-linux-x86_64-debian-clang, r-devel-linux-x86_64-debian-gcc