Last updated on 2025-10-24 12:50:08 CEST.
| Flavor | Version | Tinstall | Tcheck | Ttotal | Status | Flags |
|---|---|---|---|---|---|---|
| r-devel-linux-x86_64-debian-clang | 0.0.1 | 20.54 | 21.78 | 42.32 | OK | |
| r-devel-linux-x86_64-debian-gcc | 0.0.1 | 16.30 | 18.52 | 34.82 | OK | |
| r-devel-linux-x86_64-fedora-clang | 0.0.1 | 55.00 | 7.88 | 62.88 | OK | |
| r-devel-linux-x86_64-fedora-gcc | 0.0.1 | 46.00 | 14.03 | 60.03 | OK | |
| r-devel-windows-x86_64 | 0.0.1 | 20.00 | 37.00 | 57.00 | OK | |
| r-patched-linux-x86_64 | 0.0.1 | 20.37 | 19.75 | 40.12 | OK | |
| r-release-linux-x86_64 | 0.0.1 | 20.82 | 19.74 | 40.56 | OK | |
| r-release-macos-arm64 | 0.0.1 | 15.00 | 16.00 | 31.00 | OK | |
| r-release-macos-x86_64 | 0.0.1 | 24.00 | 23.00 | 47.00 | OK | |
| r-release-windows-x86_64 | 0.0.1 | 21.00 | 41.00 | 62.00 | OK | |
| r-oldrel-macos-arm64 | 0.0.1 | 15.00 | 21.00 | 36.00 | NOTE | |
| r-oldrel-macos-x86_64 | 0.0.1 | 19.00 | 28.00 | 47.00 | NOTE | |
| r-oldrel-windows-x86_64 | 0.0.1 | 20.00 | 41.00 | 61.00 | NOTE |
Version: 0.0.1
Check: installed package size
Result: NOTE
installed size is 5.4Mb
sub-directories of 1Mb or more:
data 5.2Mb
Flavors: r-oldrel-macos-arm64, r-oldrel-macos-x86_64, r-oldrel-windows-x86_64