Last updated on 2025-10-24 12:50:08 CEST.
| Flavor | Version | Tinstall | Tcheck | Ttotal | Status | Flags |
|---|---|---|---|---|---|---|
| r-devel-linux-x86_64-debian-clang | 1.1 | 4.19 | 35.85 | 40.04 | OK | |
| r-devel-linux-x86_64-debian-gcc | 1.1 | 3.04 | 28.40 | 31.44 | OK | |
| r-devel-linux-x86_64-fedora-clang | 1.1 | 11.00 | 49.78 | 60.78 | OK | |
| r-devel-linux-x86_64-fedora-gcc | 1.1 | 68.99 | OK | |||
| r-devel-windows-x86_64 | 1.1 | 8.00 | 71.00 | 79.00 | OK | |
| r-patched-linux-x86_64 | 1.1 | 3.54 | 35.46 | 39.00 | OK | |
| r-release-linux-x86_64 | 1.1 | 3.30 | 35.61 | 38.91 | OK | |
| r-release-macos-arm64 | 1.1 | 3.00 | 28.00 | 31.00 | OK | |
| r-release-macos-x86_64 | 1.1 | 7.00 | 67.00 | 74.00 | OK | |
| r-release-windows-x86_64 | 1.1 | 10.00 | 73.00 | 83.00 | OK | |
| r-oldrel-macos-arm64 | 1.1 | 3.00 | 34.00 | 37.00 | OK | |
| r-oldrel-macos-x86_64 | 1.1 | 12.00 | 78.00 | 90.00 | OK | |
| r-oldrel-windows-x86_64 | 1.1 | 10.00 | 78.00 | 88.00 | WARN |
Version: 1.1
Check: whether package can be installed
Result: WARN
Found the following significant warnings:
hann.h:18:1: warning: function declaration isn't a prototype [-Wstrict-prototypes]
common_utils.c:31:8: warning: function declaration isn't a prototype [-Wstrict-prototypes]
See 'd:/Rcompile/CRANpkg/local/4.4/hann.Rcheck/00install.out' for details.
* used C compiler: 'gcc.exe (GCC) 13.3.0'
Flavor: r-oldrel-windows-x86_64