Last updated on 2025-10-24 12:50:08 CEST.
| Flavor | Version | Tinstall | Tcheck | Ttotal | Status | Flags |
|---|---|---|---|---|---|---|
| r-devel-linux-x86_64-debian-clang | 1.0.1 | 1.53 | 20.72 | 22.25 | NOTE | |
| r-devel-linux-x86_64-debian-gcc | 1.0.1 | 1.48 | 17.16 | 18.64 | NOTE | |
| r-devel-linux-x86_64-fedora-clang | 1.0.1 | 33.33 | OK | |||
| r-devel-linux-x86_64-fedora-gcc | 1.0.1 | 30.20 | OK | |||
| r-devel-windows-x86_64 | 1.0.1 | 3.00 | 42.00 | 45.00 | OK | |
| r-patched-linux-x86_64 | 1.0.1 | 2.02 | 19.80 | 21.82 | OK | |
| r-release-linux-x86_64 | 1.0.1 | 1.64 | 19.97 | 21.61 | OK | |
| r-release-macos-arm64 | 1.0.1 | 1.00 | 14.00 | 15.00 | OK | |
| r-release-macos-x86_64 | 1.0.1 | 2.00 | 23.00 | 25.00 | OK | |
| r-release-windows-x86_64 | 1.0.1 | 4.00 | 45.00 | 49.00 | OK | |
| r-oldrel-macos-arm64 | 1.0.1 | 1.00 | 14.00 | 15.00 | OK | |
| r-oldrel-macos-x86_64 | 1.0.1 | 2.00 | 19.00 | 21.00 | OK | |
| r-oldrel-windows-x86_64 | 1.0.1 | 3.00 | 42.00 | 45.00 | OK |
Version: 1.0.1
Check: CRAN incoming feasibility
Result: NOTE
Maintainer: ‘Hyungsuk Tak <hyungsuk.tak@gmail.com>’
No Authors@R field in DESCRIPTION.
Please add one, modifying
Authors@R: person(given = "Hyungsuk",
family = "Tak",
role = c("aut", "cre"),
email = "hyungsuk.tak@gmail.com")
as necessary.
Flavors: r-devel-linux-x86_64-debian-clang, r-devel-linux-x86_64-debian-gcc