Last updated on 2025-10-24 00:51:04 CEST.
| Flavor | Version | Tinstall | Tcheck | Ttotal | Status | Flags |
|---|---|---|---|---|---|---|
| r-devel-linux-x86_64-debian-clang | 0.0.1 | 1.74 | 21.57 | 23.31 | NOTE | |
| r-devel-linux-x86_64-debian-gcc | 0.0.1 | 1.32 | 17.60 | 18.92 | NOTE | |
| r-devel-linux-x86_64-fedora-clang | 0.0.1 | 32.54 | OK | |||
| r-devel-linux-x86_64-fedora-gcc | 0.0.1 | 31.74 | OK | |||
| r-devel-windows-x86_64 | 0.0.1 | 4.00 | 41.00 | 45.00 | OK | |
| r-patched-linux-x86_64 | 0.0.1 | 2.07 | 20.12 | 22.19 | OK | |
| r-release-linux-x86_64 | 0.0.1 | 1.74 | 19.93 | 21.67 | OK | |
| r-release-macos-arm64 | 0.0.1 | 1.00 | 20.00 | 21.00 | OK | |
| r-release-macos-x86_64 | 0.0.1 | 2.00 | 21.00 | 23.00 | OK | |
| r-release-windows-x86_64 | 0.0.1 | 3.00 | 53.00 | 56.00 | OK | |
| r-oldrel-macos-arm64 | 0.0.1 | 1.00 | 13.00 | 14.00 | OK | |
| r-oldrel-macos-x86_64 | 0.0.1 | 2.00 | 18.00 | 20.00 | OK | |
| r-oldrel-windows-x86_64 | 0.0.1 | 3.00 | 41.00 | 44.00 | OK |
Version: 0.0.1
Check: CRAN incoming feasibility
Result: NOTE
Maintainer: ‘Raymond L. Tremblay <raymondtremblay1@mac.com>’
No Authors@R field in DESCRIPTION.
Please add one, modifying
Authors@R: c(person(given = c("Raymond", ">"),
family = "Tremblay",
role = "aut"),
person(given = c("Raymond", "L."),
family = "Tremblay",
role = "cre",
email = "raymondtremblay1@mac.com"))
as necessary.
Flavors: r-devel-linux-x86_64-debian-clang, r-devel-linux-x86_64-debian-gcc