Last updated on 2024-06-14 13:56:20 CEST.
Flavor | Version | Tinstall | Tcheck | Ttotal | Status | Flags |
---|---|---|---|---|---|---|
r-devel-linux-x86_64-debian-clang | 0.4.7 | 44.88 | 65.99 | 110.87 | NOTE | |
r-devel-linux-x86_64-debian-gcc | 0.4.7 | 31.28 | 50.51 | 81.79 | NOTE | |
r-devel-linux-x86_64-fedora-clang | 0.4.7 | 142.47 | NOTE | |||
r-devel-linux-x86_64-fedora-gcc | 0.4.7 | 157.90 | NOTE | |||
r-devel-windows-x86_64 | 0.4.7 | 44.00 | 103.00 | 147.00 | NOTE | |
r-patched-linux-x86_64 | 0.4.7 | 43.24 | 64.01 | 107.25 | NOTE | |
r-release-linux-x86_64 | 0.4.7 | 38.39 | 63.72 | 102.11 | NOTE | |
r-release-macos-arm64 | 0.4.7 | 44.00 | OK | |||
r-release-macos-x86_64 | 0.4.7 | 62.00 | OK | |||
r-release-windows-x86_64 | 0.4.7 | 47.00 | 167.00 | 214.00 | NOTE | |
r-oldrel-macos-arm64 | 0.4.7 | 49.00 | OK | |||
r-oldrel-macos-x86_64 | 0.4.7 | 79.00 | OK | |||
r-oldrel-windows-x86_64 | 0.4.7 | 47.00 | 113.00 | 160.00 | OK |
Version: 0.4.7
Check: HTML version of manual
Result: NOTE
Found the following HTML validation problems:
extprod3d.html:24:32 (extprod3d.Rd:24): Warning: trimming empty <code>
extprod3d.html:29:32 (extprod3d.Rd:27): Warning: trimming empty <code>
Flavors: r-devel-linux-x86_64-debian-clang, r-devel-linux-x86_64-debian-gcc, r-devel-linux-x86_64-fedora-clang, r-devel-linux-x86_64-fedora-gcc, r-devel-windows-x86_64, r-patched-linux-x86_64, r-release-linux-x86_64, r-release-windows-x86_64