Last updated on 2025-10-24 12:50:07 CEST.
| Flavor | Version | Tinstall | Tcheck | Ttotal | Status | Flags |
|---|---|---|---|---|---|---|
| r-devel-linux-x86_64-debian-clang | 0.1.7 | 10.66 | 33.28 | 43.94 | NOTE | |
| r-devel-linux-x86_64-debian-gcc | 0.1.7 | 8.35 | 26.08 | 34.43 | NOTE | |
| r-devel-linux-x86_64-fedora-clang | 0.1.7 | 28.00 | 36.98 | 64.98 | NOTE | |
| r-devel-linux-x86_64-fedora-gcc | 0.1.7 | 23.00 | 38.10 | 61.10 | NOTE | |
| r-devel-windows-x86_64 | 0.1.7 | 67.00 | 54.00 | 121.00 | NOTE | |
| r-patched-linux-x86_64 | 0.1.7 | 10.57 | 30.65 | 41.22 | NOTE | |
| r-release-linux-x86_64 | 0.1.7 | 9.40 | 30.37 | 39.77 | NOTE | |
| r-release-macos-arm64 | 0.1.7 | 6.00 | 19.00 | 25.00 | NOTE | |
| r-release-macos-x86_64 | 0.1.7 | 8.00 | 32.00 | 40.00 | NOTE | |
| r-release-windows-x86_64 | 0.1.7 | 68.00 | 60.00 | 128.00 | NOTE | |
| r-oldrel-macos-arm64 | 0.1.7 | 6.00 | 18.00 | 24.00 | NOTE | |
| r-oldrel-macos-x86_64 | 0.1.7 | 6.00 | 32.00 | 38.00 | NOTE | |
| r-oldrel-windows-x86_64 | 0.1.7 | 62.00 | 53.00 | 115.00 | NOTE |
Version: 0.1.7
Check: CRAN incoming feasibility
Result: NOTE
Maintainer: ‘Gertjan van den Burg <gertjanvandenburg@gmail.com>’
Package CITATION file contains call(s) to old-style personList() or
as.personList(). Please use c() on person objects instead.
The BugReports field in DESCRIPTION has
https://github.com/GjjvdBurg/RGenSVM
which should likely be
https://github.com/GjjvdBurg/RGenSVM/issues
instead.
Flavors: r-devel-linux-x86_64-debian-clang, r-devel-linux-x86_64-debian-gcc
Version: 0.1.7
Check: Rd files
Result: NOTE
checkRd: (-1) gensvm.grid.Rd:125: Lost braces
125 | "Kernels in GenSVM" in the code{ink{gensvm-package}} page for more info.}
| ^
checkRd: (-1) gensvm.grid.Rd:125: Lost braces
125 | "Kernels in GenSVM" in the code{ink{gensvm-package}} page for more info.}
| ^
checkRd: (-1) gensvm.grid.Rd:127: Lost braces
127 | GenSVM" in the code{ink{gensvm-package}} page for more info.}
| ^
checkRd: (-1) gensvm.grid.Rd:127: Lost braces
127 | GenSVM" in the code{ink{gensvm-package}} page for more info.}
| ^
checkRd: (-1) gensvm.grid.Rd:129: Lost braces
129 | section "Kernels in GenSVM" in the code{ink{gensvm-package}} page for more
| ^
checkRd: (-1) gensvm.grid.Rd:129: Lost braces
129 | section "Kernels in GenSVM" in the code{ink{gensvm-package}} page for more
| ^
Flavors: r-devel-linux-x86_64-debian-clang, r-devel-linux-x86_64-debian-gcc, r-devel-linux-x86_64-fedora-clang, r-devel-linux-x86_64-fedora-gcc, r-devel-windows-x86_64, r-patched-linux-x86_64, r-release-linux-x86_64, r-release-macos-arm64, r-release-macos-x86_64, r-release-windows-x86_64, r-oldrel-macos-arm64, r-oldrel-macos-x86_64, r-oldrel-windows-x86_64