Last updated on 2025-10-24 12:50:07 CEST.
| Flavor | Version | Tinstall | Tcheck | Ttotal | Status | Flags |
|---|---|---|---|---|---|---|
| r-devel-linux-x86_64-debian-clang | 1.0.0 | 2.02 | 21.68 | 23.70 | NOTE | |
| r-devel-linux-x86_64-debian-gcc | 1.0.0 | 1.59 | 17.45 | 19.04 | NOTE | |
| r-devel-linux-x86_64-fedora-clang | 1.0.0 | 36.00 | OK | |||
| r-devel-linux-x86_64-fedora-gcc | 1.0.0 | 33.28 | OK | |||
| r-devel-windows-x86_64 | 1.0.0 | 4.00 | 36.00 | 40.00 | OK | |
| r-patched-linux-x86_64 | 1.0.0 | 1.80 | 20.81 | 22.61 | OK | |
| r-release-linux-x86_64 | 1.0.0 | 2.14 | 20.48 | 22.62 | OK | |
| r-release-macos-arm64 | 1.0.0 | 1.00 | 16.00 | 17.00 | OK | |
| r-release-macos-x86_64 | 1.0.0 | 3.00 | 29.00 | 32.00 | OK | |
| r-release-windows-x86_64 | 1.0.0 | 3.00 | 42.00 | 45.00 | OK | |
| r-oldrel-macos-arm64 | 1.0.0 | 1.00 | 15.00 | 16.00 | OK | |
| r-oldrel-macos-x86_64 | 1.0.0 | 2.00 | 18.00 | 20.00 | OK | |
| r-oldrel-windows-x86_64 | 1.0.0 | 3.00 | 37.00 | 40.00 | OK |
Version: 1.0.0
Check: CRAN incoming feasibility
Result: NOTE
Maintainer: ‘Jixiang Wu <jixiang.wu@sdstate.edu>’
No Authors@R field in DESCRIPTION.
Please add one, modifying
Authors@R: person(given = "Jixiang",
family = "Wu",
role = c("aut", "cre"),
email = "jixiang.wu@sdstate.edu")
as necessary.
Flavors: r-devel-linux-x86_64-debian-clang, r-devel-linux-x86_64-debian-gcc