CRAN Package Check Results for Package gemtc

Last updated on 2025-07-03 13:48:34 CEST.

Flavor Version Tinstall Tcheck Ttotal Status Flags
r-devel-linux-x86_64-debian-clang 1.0-2 11.41 121.38 132.79 NOTE
r-devel-linux-x86_64-debian-gcc 1.0-2 6.15 78.95 85.10 NOTE
r-devel-linux-x86_64-fedora-clang 1.0-2 201.37 NOTE
r-devel-linux-x86_64-fedora-gcc 1.0-2 197.40 NOTE
r-devel-windows-x86_64 1.0-2 12.00 122.00 134.00 NOTE
r-patched-linux-x86_64 1.0-2 10.23 114.74 124.97 NOTE
r-release-linux-x86_64 1.0-2 8.06 114.46 122.52 NOTE
r-release-macos-arm64 1.0-2 55.00 NOTE
r-release-macos-x86_64 1.0-2 201.00 NOTE
r-release-windows-x86_64 1.0-2 15.00 126.00 141.00 NOTE
r-oldrel-macos-arm64 1.0-2 57.00 NOTE
r-oldrel-macos-x86_64 1.0-2 86.00 NOTE
r-oldrel-windows-x86_64 1.0-2 16.00 170.00 186.00 NOTE

Check Details

Version: 1.0-2
Check: CRAN incoming feasibility
Result: NOTE Maintainer: ‘Gert van Valkenhoef <gert@gertvv.nl>’ No Authors@R field in DESCRIPTION. Please add one, modifying Authors@R: c(person(given = "Gert", family = "van Valkenhoef", role = c("aut", "cre"), email = "gert@gertvv.nl"), person(given = "Joel", family = "Kuiper", role = "aut")) as necessary. Flavors: r-devel-linux-x86_64-debian-clang, r-devel-linux-x86_64-debian-gcc

Version: 1.0-2
Check: Rd files
Result: NOTE checkRd: (-1) parkinson.Rd:9: Lost braces in \itemize; meant \describe ? checkRd: (-1) parkinson.Rd:10: Lost braces in \itemize; meant \describe ? checkRd: (-1) parkinson.Rd:11: Lost braces in \itemize; meant \describe ? Flavors: r-devel-linux-x86_64-debian-clang, r-devel-linux-x86_64-debian-gcc, r-devel-linux-x86_64-fedora-clang, r-devel-linux-x86_64-fedora-gcc, r-devel-windows-x86_64, r-patched-linux-x86_64, r-release-linux-x86_64, r-release-macos-arm64, r-release-macos-x86_64, r-release-windows-x86_64, r-oldrel-macos-arm64, r-oldrel-macos-x86_64, r-oldrel-windows-x86_64