Last updated on 2025-10-24 12:50:06 CEST.
| Flavor | Version | Tinstall | Tcheck | Ttotal | Status | Flags |
|---|---|---|---|---|---|---|
| r-devel-linux-x86_64-debian-clang | 0.1.1 | 1.62 | 17.55 | 19.17 | NOTE | |
| r-devel-linux-x86_64-debian-gcc | 0.1.1 | 1.35 | 14.61 | 15.96 | NOTE | |
| r-devel-linux-x86_64-fedora-clang | 0.1.1 | 29.14 | OK | |||
| r-devel-linux-x86_64-fedora-gcc | 0.1.1 | 26.88 | OK | |||
| r-devel-windows-x86_64 | 0.1.1 | 3.00 | 33.00 | 36.00 | OK | |
| r-patched-linux-x86_64 | 0.1.1 | 1.51 | 16.75 | 18.26 | OK | |
| r-release-linux-x86_64 | 0.1.1 | 1.48 | 16.74 | 18.22 | OK | |
| r-release-macos-arm64 | 0.1.1 | 1.00 | 13.00 | 14.00 | OK | |
| r-release-macos-x86_64 | 0.1.1 | 2.00 | 25.00 | 27.00 | OK | |
| r-release-windows-x86_64 | 0.1.1 | 3.00 | 39.00 | 42.00 | OK | |
| r-oldrel-macos-arm64 | 0.1.1 | 1.00 | 13.00 | 14.00 | OK | |
| r-oldrel-macos-x86_64 | 0.1.1 | 1.00 | 17.00 | 18.00 | OK | |
| r-oldrel-windows-x86_64 | 0.1.1 | 3.00 | 34.00 | 37.00 | OK |
Version: 0.1.1
Check: CRAN incoming feasibility
Result: NOTE
Maintainer: ‘Partha Sarathi Bishnu <psbishnu@gmail.com>’
No Authors@R field in DESCRIPTION.
Please add one, modifying
Authors@R: person(given = c("Partha", "Sarathi"),
family = "Bishnu",
role = c("aut", "cre"),
email = "psbishnu@gmail.com")
as necessary.
Flavors: r-devel-linux-x86_64-debian-clang, r-devel-linux-x86_64-debian-gcc