Last updated on 2025-10-24 12:50:06 CEST.
| Flavor | Version | Tinstall | Tcheck | Ttotal | Status | Flags |
|---|---|---|---|---|---|---|
| r-devel-linux-x86_64-debian-clang | 1.2 | 2.35 | 21.43 | 23.78 | NOTE | |
| r-devel-linux-x86_64-debian-gcc | 1.2 | 1.82 | 17.12 | 18.94 | NOTE | |
| r-devel-linux-x86_64-fedora-clang | 1.2 | 35.32 | OK | |||
| r-devel-linux-x86_64-fedora-gcc | 1.2 | 33.62 | OK | |||
| r-devel-windows-x86_64 | 1.2 | 4.00 | 37.00 | 41.00 | OK | |
| r-patched-linux-x86_64 | 1.2 | 2.38 | 20.33 | 22.71 | OK | |
| r-release-linux-x86_64 | 1.2 | 2.36 | 20.26 | 22.62 | OK | |
| r-release-macos-arm64 | 1.2 | 1.00 | 16.00 | 17.00 | OK | |
| r-release-macos-x86_64 | 1.2 | 4.00 | 31.00 | 35.00 | OK | |
| r-release-windows-x86_64 | 1.2 | 3.00 | 43.00 | 46.00 | OK | |
| r-oldrel-macos-arm64 | 1.2 | 2.00 | 12.00 | 14.00 | OK | |
| r-oldrel-macos-x86_64 | 1.2 | 3.00 | 22.00 | 25.00 | OK | |
| r-oldrel-windows-x86_64 | 1.2 | 3.00 | 38.00 | 41.00 | OK |
Version: 1.2
Check: CRAN incoming feasibility
Result: NOTE
Maintainer: ‘Craig A. Rolling <craig.rolling@slu.edu>’
No Authors@R field in DESCRIPTION.
Please add one, modifying
Authors@R: person(given = c("Craig", "A."),
family = "Rolling",
role = c("aut", "cre"),
email = "craig.rolling@slu.edu")
as necessary.
Flavors: r-devel-linux-x86_64-debian-clang, r-devel-linux-x86_64-debian-gcc