Last updated on 2025-07-04 00:50:04 CEST.
Flavor | Version | Tinstall | Tcheck | Ttotal | Status | Flags |
---|---|---|---|---|---|---|
r-devel-linux-x86_64-debian-clang | 1.5.5 | 9.92 | 245.41 | 255.33 | OK | |
r-devel-linux-x86_64-debian-gcc | 1.5.5 | 7.19 | 177.60 | 184.79 | OK | |
r-devel-linux-x86_64-fedora-clang | 1.5.5 | 391.70 | OK | |||
r-devel-linux-x86_64-fedora-gcc | 1.5.5 | 387.24 | OK | |||
r-devel-windows-x86_64 | 1.5.5 | 13.00 | 224.00 | 237.00 | OK | |
r-patched-linux-x86_64 | 1.5.5 | 10.02 | 234.59 | 244.61 | OK | |
r-release-linux-x86_64 | 1.5.5 | 8.61 | 232.12 | 240.73 | OK | |
r-release-macos-arm64 | 1.5.4 | 107.00 | NOTE | |||
r-release-macos-x86_64 | 1.5.5 | 185.00 | OK | |||
r-release-windows-x86_64 | 1.5.5 | 9.00 | 242.00 | 251.00 | OK | |
r-oldrel-macos-arm64 | 1.5.4 | 113.00 | NOTE | |||
r-oldrel-macos-x86_64 | 1.5.5 | 225.00 | NOTE | |||
r-oldrel-windows-x86_64 | 1.5.5 | 17.00 | 300.00 | 317.00 | NOTE |
Version: 1.5.4
Check: DESCRIPTION meta-information
Result: NOTE
Missing dependency on R >= 4.1.0 because package code uses the pipe
|> or function shorthand \(...) syntax added in R 4.1.0.
File(s) using such syntax:
‘ndset.R’
Flavor: r-release-macos-arm64
Version: 1.5.4
Check: installed package size
Result: NOTE
installed size is 6.3Mb
sub-directories of 1Mb or more:
doc 5.0Mb
Flavor: r-oldrel-macos-arm64
Version: 1.5.5
Check: installed package size
Result: NOTE
installed size is 6.3Mb
sub-directories of 1Mb or more:
doc 5.0Mb
Flavors: r-oldrel-macos-x86_64, r-oldrel-windows-x86_64