Last updated on 2025-11-03 12:49:52 CET.
| Flavor | Version | Tinstall | Tcheck | Ttotal | Status | Flags |
|---|---|---|---|---|---|---|
| r-devel-linux-x86_64-debian-clang | 1.67.0 | 12.14 | 332.85 | 344.99 | OK | |
| r-devel-linux-x86_64-debian-gcc | 1.67.0 | 7.51 | 240.41 | 247.92 | OK | |
| r-devel-linux-x86_64-fedora-clang | 1.67.0 | 60.00 | 519.54 | 579.54 | OK | |
| r-devel-linux-x86_64-fedora-gcc | 1.67.0 | 25.00 | ERROR | |||
| r-devel-windows-x86_64 | 1.67.0 | 14.00 | 362.00 | 376.00 | OK | |
| r-patched-linux-x86_64 | 1.67.0 | 12.13 | 319.13 | 331.26 | OK | |
| r-release-linux-x86_64 | 1.67.0 | 12.27 | 318.89 | 331.16 | OK | |
| r-release-macos-arm64 | 1.67.0 | 5.00 | 190.00 | 195.00 | OK | |
| r-release-macos-x86_64 | 1.67.0 | 12.00 | 347.00 | 359.00 | OK | |
| r-release-windows-x86_64 | 1.67.0 | 18.00 | 355.00 | 373.00 | OK | |
| r-oldrel-macos-arm64 | 1.67.0 | 6.00 | 180.00 | 186.00 | OK | |
| r-oldrel-macos-x86_64 | 1.67.0 | 11.00 | 350.00 | 361.00 | OK | |
| r-oldrel-windows-x86_64 | 1.67.0 | 22.00 | 435.00 | 457.00 | OK |
Version: 1.67.0
Check: tests
Result: ERROR
Running ‘test-000.R’
Running ‘test-FutureError.R’
Running ‘test-FutureGlobals.R’
Running ‘test-FutureRegistry.R’
Running ‘test-adhoc_native_to_utf8.R’
Running ‘test-backtrace.R’
Running ‘test-bquote.R’
Running ‘test-cancel.R’
Running ‘test-capture_journals.R’
Running ‘test-cluster,worker-termination.R’
Running ‘test-cluster-connection-clashes.R’ [3s/12s]
Running ‘test-cluster-missing-future-pkg.R’
Running ‘test-demo-fibonacci.R’ [10s/16s]
Running ‘test-demo-mandelbrot.R’ [7s/12s]
Running ‘test-dotdotdot.R’ [7s/13s]
Running ‘test-early-signaling.R’
Running ‘test-error_on_warn_2.R’
Running ‘test-future,labels.R’
Running ‘test-future,optsenvvars.R’
Running ‘test-future.R’
Running ‘test-futureAssign.R’ [7s/14s]
Running ‘test-futureAssign_OP.R’ [14s/23s]
Running ‘test-futureAssign_OP_with_environment.R’
Running ‘test-futureAssign_OP_with_listenv.R’
Running ‘test-futureCall.R’ [5s/12s]
Running ‘test-futureOf.R’
Running ‘test-futureOf_with_environment.R’
Running ‘test-futureOf_with_listenv.R’
Running ‘test-futureSessionInfo.R’
Running ‘test-futures.R’ [39s/55s]
Running ‘test-globals,NSE.R’
Running ‘test-globals,S4methods.R’
Running ‘test-globals,formulas.R’ [16s/29s]
Running ‘test-globals,locals.R’
Running ‘test-globals,manual.R’ [7s/12s]
Running ‘test-globals,packages.R’
Running ‘test-globals,resolve.R’
Running ‘test-globals,subassignment.R’ [12s/19s]
Running ‘test-globals,toolarge.R’
Running ‘test-globals,tricky.R’ [6s/12s]
Running ‘test-globals,tricky2.R’
Running ‘test-globals,tricky_recursive.R’
Running ‘test-globalsOf,tweaks.R’
Running ‘test-immediateCondition.R’
Running ‘test-interrupts-from-worker-itself.R’
Running ‘test-invalid-owner.R’
Running ‘test-makeClusterFuture.R’
Running ‘test-mandelbrot.R’
Running ‘test-misuse-connections.R’
Running ‘test-mpi.R’
Running ‘test-multicore,multithreading.R’
Running ‘test-multicore,worker-termination.R’
Running ‘test-multisession-libpaths.R’
Running ‘test-nbrOfWorkers.R’ [6s/13s]
Running ‘test-nested_futures,mc.cores.R’ [8s/28s]
Running ‘test-nested_futures.R’ [12s/25s]
Running ‘test-non-exportable,connections.R’
Running ‘test-objectSize.R’
Running ‘test-plan.R’ [5s/24s]
Running ‘test-relaying,muffle.R’
Running ‘test-relaying,split.R’
Running ‘test-relaying.R’
Running ‘test-requestCore.R’
Running ‘test-requestNode.R’
Running ‘test-reserved-keyword-functions.R’
Running ‘test-reset.R’
Running ‘test-resolve.R’ [9s/21s]
Running ‘test-resolved-non-blocking-test.R’
Running ‘test-rng.R’ [59s/67s]
Running ‘test-rng_utils.R’
Running ‘test-sequential.R’
Running ‘test-sessionDetails.R’
Running ‘test-startup-onAttach.R’
Running ‘test-startup-onLoad.R’
Running ‘test-startup-parseCmdArgs.R’
Running ‘test-stdout.R’ [11s/19s]
Running ‘test-timeouts.R’
Running ‘test-tweak.R’
Running ‘test-utils.R’ [15s/21s]
Running ‘test-uuid.R’
Running ‘test-value-error-cancels-set.R’
Running ‘test-value.R’ [16s/29s]
Running ‘test-whichIndex.R’
Running the tests in ‘tests/test-futureOf.R’ failed.
Complete output:
> ## This runs testme test script inst/testme/test-futureOf.R
> ## Don't edit - it was autogenerated by inst/testme/deploy.R
> future:::testme("futureOf")
Error in loadNamespace(j <- i[[1L]], c(lib.loc, .libPaths()), versionCheck = vI[[j]]) :
there is no package called 'listenv'
Calls: loadNamespace ... loadNamespace -> withRestarts -> withOneRestart -> doWithOneRestart
Execution halted
Flavor: r-devel-linux-x86_64-fedora-gcc