CRAN Package Check Results for Package fugue

Last updated on 2025-10-24 12:50:06 CEST.

Flavor Version Tinstall Tcheck Ttotal Status Flags
r-devel-linux-x86_64-debian-clang 0.1.7 2.03 23.06 25.09 NOTE
r-devel-linux-x86_64-debian-gcc 0.1.7 1.55 18.90 20.45 NOTE
r-devel-linux-x86_64-fedora-clang 0.1.7 36.66 OK
r-devel-linux-x86_64-fedora-gcc 0.1.7 35.04 OK
r-devel-windows-x86_64 0.1.7 3.00 47.00 50.00 OK
r-patched-linux-x86_64 0.1.7 2.05 22.04 24.09 OK
r-release-linux-x86_64 0.1.7 2.03 21.91 23.94 OK
r-release-macos-arm64 0.1.7 1.00 17.00 18.00 OK
r-release-macos-x86_64 0.1.7 2.00 25.00 27.00 OK
r-release-windows-x86_64 0.1.7 4.00 51.00 55.00 OK
r-oldrel-macos-arm64 0.1.7 1.00 15.00 16.00 OK
r-oldrel-macos-x86_64 0.1.7 2.00 21.00 23.00 OK
r-oldrel-windows-x86_64 0.1.7 3.00 47.00 50.00 OK

Check Details

Version: 0.1.7
Check: CRAN incoming feasibility
Result: NOTE Maintainer: ‘Paul R. Rosenbaum <rosenbaum@wharton.upenn.edu>’ No Authors@R field in DESCRIPTION. Please add one, modifying Authors@R: c(person(given = "Xinran", family = "Li", role = "aut"), person(given = c("Paul", "R."), family = "Rosenbaum", role = c("aut", "cre"), email = "rosenbaum@wharton.upenn.edu")) as necessary. Flavors: r-devel-linux-x86_64-debian-clang, r-devel-linux-x86_64-debian-gcc