Last updated on 2025-10-24 00:51:03 CEST.
| Flavor | Version | Tinstall | Tcheck | Ttotal | Status | Flags |
|---|---|---|---|---|---|---|
| r-devel-linux-x86_64-debian-clang | 2.5 | 5.71 | 45.20 | 50.91 | NOTE | |
| r-devel-linux-x86_64-debian-gcc | 2.5 | 3.95 | 30.68 | 34.63 | NOTE | |
| r-devel-linux-x86_64-fedora-clang | 2.5 | 21.00 | 61.74 | 82.74 | OK | |
| r-devel-linux-x86_64-fedora-gcc | 2.5 | 13.00 | 59.60 | 72.60 | OK | |
| r-devel-windows-x86_64 | 2.5 | 6.00 | 56.00 | 62.00 | OK | |
| r-patched-linux-x86_64 | 2.5 | 6.32 | 42.07 | 48.39 | OK | |
| r-release-linux-x86_64 | 2.5 | 5.77 | 41.98 | 47.75 | OK | |
| r-release-macos-arm64 | 2.5 | 3.00 | 21.00 | 24.00 | OK | |
| r-release-macos-x86_64 | 2.5 | 6.00 | 37.00 | 43.00 | OK | |
| r-release-windows-x86_64 | 2.5 | 6.00 | 63.00 | 69.00 | OK | |
| r-oldrel-macos-arm64 | 2.5 | 3.00 | 20.00 | 23.00 | OK | |
| r-oldrel-macos-x86_64 | 2.5 | 5.00 | 30.00 | 35.00 | OK | |
| r-oldrel-windows-x86_64 | 2.5 | 7.00 | 57.00 | 64.00 | OK |
Version: 2.5
Check: CRAN incoming feasibility
Result: NOTE
Maintainer: ‘Juan J. Serrano-Perez <jjserra@ugr.es>’
No Authors@R field in DESCRIPTION.
Please add one, modifying
Authors@R: c(person(given = "Patricia",
family = "Roman-Roman",
role = "aut"),
person(given = c("Juan", "J."),
family = "Serrano-Perez",
role = c("aut", "cre"),
email = "jjserra@ugr.es"),
person(given = "Francisco",
family = "Torres-Ruiz.",
role = "aut"))
as necessary.
Flavors: r-devel-linux-x86_64-debian-clang, r-devel-linux-x86_64-debian-gcc