Last updated on 2025-07-03 00:50:52 CEST.
Flavor | Version | Tinstall | Tcheck | Ttotal | Status | Flags |
---|---|---|---|---|---|---|
r-devel-linux-x86_64-debian-clang | 0.1.1 | 1.14 | 8.98 | 10.12 | OK | |
r-devel-linux-x86_64-debian-gcc | 0.1.1 | 1.01 | 7.42 | 8.43 | OK | |
r-devel-linux-x86_64-fedora-clang | 0.1.1 | 14.63 | OK | |||
r-devel-linux-x86_64-fedora-gcc | 0.1.1 | 15.35 | OK | |||
r-devel-windows-x86_64 | 0.1.1 | 2.00 | 19.00 | 21.00 | OK | |
r-patched-linux-x86_64 | 0.1.1 | 1.11 | 7.76 | 8.87 | OK | |
r-release-linux-x86_64 | 0.1.1 | 1.03 | 7.62 | 8.65 | OK | |
r-release-macos-arm64 | 0.1.1 | 11.00 | OK | |||
r-release-macos-x86_64 | 0.1.1 | 18.00 | OK | |||
r-release-windows-x86_64 | 0.1.1 | 2.00 | 20.00 | 22.00 | OK | |
r-oldrel-macos-arm64 | 0.1.1 | 15.00 | NOTE | |||
r-oldrel-macos-x86_64 | 0.1.1 | 12.00 | NOTE | |||
r-oldrel-windows-x86_64 | 0.1.1 | 3.00 | 18.00 | 21.00 | NOTE |
Version: 0.1.1
Check: LazyData
Result: NOTE
'LazyData' is specified without a 'data' directory
Flavors: r-oldrel-macos-arm64, r-oldrel-macos-x86_64, r-oldrel-windows-x86_64