Last updated on 2024-06-15 12:48:20 CEST.
Flavor | Version | Tinstall | Tcheck | Ttotal | Status | Flags |
---|---|---|---|---|---|---|
r-devel-linux-x86_64-debian-clang | 0.1.1 | 3.54 | 48.50 | 52.04 | NOTE | |
r-devel-linux-x86_64-debian-gcc | 0.1.1 | 2.41 | 34.80 | 37.21 | NOTE | |
r-devel-linux-x86_64-fedora-clang | 0.1.1 | 63.27 | NOTE | |||
r-devel-linux-x86_64-fedora-gcc | 0.1.1 | 59.60 | NOTE | |||
r-devel-windows-x86_64 | 0.1.1 | 4.00 | 62.00 | 66.00 | NOTE | |
r-patched-linux-x86_64 | 0.1.1 | 3.37 | 45.62 | 48.99 | NOTE | |
r-release-linux-x86_64 | 0.1.1 | 3.24 | 45.91 | 49.15 | NOTE | |
r-release-macos-arm64 | 0.1.1 | 21.00 | NOTE | |||
r-release-macos-x86_64 | 0.1.1 | 32.00 | NOTE | |||
r-release-windows-x86_64 | 0.1.1 | 4.00 | 64.00 | 68.00 | NOTE | |
r-oldrel-macos-arm64 | 0.1.1 | 23.00 | NOTE | |||
r-oldrel-macos-x86_64 | 0.1.1 | 31.00 | NOTE | |||
r-oldrel-windows-x86_64 | 0.1.1 | 5.00 | 68.00 | 73.00 | NOTE |
Version: 0.1.1
Check: LazyData
Result: NOTE
'LazyData' is specified without a 'data' directory
Flavors: r-devel-linux-x86_64-debian-clang, r-devel-linux-x86_64-debian-gcc, r-devel-linux-x86_64-fedora-clang, r-devel-linux-x86_64-fedora-gcc, r-devel-windows-x86_64, r-patched-linux-x86_64, r-release-linux-x86_64, r-release-macos-arm64, r-release-macos-x86_64, r-release-windows-x86_64, r-oldrel-macos-arm64, r-oldrel-macos-x86_64, r-oldrel-windows-x86_64
Version: 0.1.1
Check: dependencies in R code
Result: NOTE
Namespace in Imports field not imported from: ‘RCurl’
All declared Imports should be used.
Flavors: r-devel-linux-x86_64-fedora-clang, r-devel-linux-x86_64-fedora-gcc