Last updated on 2025-10-24 00:51:03 CEST.
| Flavor | Version | Tinstall | Tcheck | Ttotal | Status | Flags |
|---|---|---|---|---|---|---|
| r-devel-linux-x86_64-debian-clang | 0.0.1 | 1.55 | 18.09 | 19.64 | OK | |
| r-devel-linux-x86_64-debian-gcc | 0.0.1 | 1.25 | 15.51 | 16.76 | OK | |
| r-devel-linux-x86_64-fedora-clang | 0.0.1 | 30.24 | OK | |||
| r-devel-linux-x86_64-fedora-gcc | 0.0.1 | 27.18 | OK | |||
| r-devel-windows-x86_64 | 0.0.1 | 2.00 | 34.00 | 36.00 | OK | |
| r-patched-linux-x86_64 | 0.0.1 | 1.62 | 17.06 | 18.68 | OK | |
| r-release-linux-x86_64 | 0.0.1 | 1.64 | 16.93 | 18.57 | OK | |
| r-release-macos-arm64 | 0.0.1 | 1.00 | 13.00 | 14.00 | OK | |
| r-release-macos-x86_64 | 0.0.1 | 1.00 | 20.00 | 21.00 | OK | |
| r-release-windows-x86_64 | 0.0.1 | 2.00 | 42.00 | 44.00 | OK | |
| r-oldrel-macos-arm64 | 0.0.1 | 1.00 | 13.00 | 14.00 | NOTE | |
| r-oldrel-macos-x86_64 | 0.0.1 | 2.00 | 17.00 | 19.00 | NOTE | |
| r-oldrel-windows-x86_64 | 0.0.1 | 2.00 | 35.00 | 37.00 | NOTE |
Version: 0.0.1
Check: LazyData
Result: NOTE
'LazyData' is specified without a 'data' directory
Flavors: r-oldrel-macos-arm64, r-oldrel-macos-x86_64, r-oldrel-windows-x86_64