Last updated on 2025-07-03 13:48:33 CEST.
Flavor | Version | Tinstall | Tcheck | Ttotal | Status | Flags |
---|---|---|---|---|---|---|
r-devel-linux-x86_64-debian-clang | 2.4.0 | 91.94 | 180.27 | 272.21 | OK | |
r-devel-linux-x86_64-debian-gcc | 2.4.0 | 55.22 | 118.92 | 174.14 | OK | |
r-devel-linux-x86_64-fedora-clang | 2.4.0 | 471.84 | OK | |||
r-devel-linux-x86_64-fedora-gcc | 2.4.0 | 482.78 | OK | |||
r-devel-windows-x86_64 | 2.4.0 | 95.00 | 202.00 | 297.00 | OK | |
r-patched-linux-x86_64 | 2.4.0 | 81.86 | 179.23 | 261.09 | OK | |
r-release-linux-x86_64 | 2.4.0 | 76.37 | 181.80 | 258.17 | OK | |
r-release-macos-arm64 | 2.3.6 | 98.00 | OK | |||
r-release-macos-x86_64 | 2.4.0 | 198.00 | OK | |||
r-release-windows-x86_64 | 2.3.6 | 91.00 | 201.00 | 292.00 | OK | |
r-oldrel-macos-arm64 | 2.3.6 | 87.00 | NOTE | |||
r-oldrel-macos-x86_64 | 2.4.0 | 185.00 | NOTE | |||
r-oldrel-windows-x86_64 | 2.4.0 | 121.00 | 271.00 | 392.00 | NOTE |
Version: 2.3.6
Check: installed package size
Result: NOTE
installed size is 8.6Mb
sub-directories of 1Mb or more:
data 2.3Mb
libs 4.8Mb
Flavor: r-oldrel-macos-arm64
Version: 2.4.0
Check: installed package size
Result: NOTE
installed size is 8.8Mb
sub-directories of 1Mb or more:
data 2.3Mb
libs 4.9Mb
Flavors: r-oldrel-macos-x86_64, r-oldrel-windows-x86_64