Last updated on 2024-06-15 12:48:19 CEST.
Flavor | Version | Tinstall | Tcheck | Ttotal | Status | Flags |
---|---|---|---|---|---|---|
r-devel-linux-x86_64-debian-clang | 0.1.1 | 90.37 | 108.14 | 198.51 | OK | |
r-devel-linux-x86_64-debian-gcc | 0.1.1 | 66.38 | 85.33 | 151.71 | OK | |
r-devel-linux-x86_64-fedora-clang | 0.1.1 | 262.63 | OK | |||
r-devel-linux-x86_64-fedora-gcc | 0.1.1 | 264.46 | OK | |||
r-devel-windows-x86_64 | 0.1.1 | 65.00 | 109.00 | 174.00 | OK | |
r-patched-linux-x86_64 | 0.1.1 | 56.05 | 107.89 | 163.94 | OK | |
r-release-linux-x86_64 | 0.1.1 | 64.12 | 108.18 | 172.30 | OK | |
r-release-macos-arm64 | 0.1.1 | 63.00 | NOTE | |||
r-release-macos-x86_64 | 0.1.1 | 88.00 | NOTE | |||
r-release-windows-x86_64 | 0.1.1 | 63.00 | 116.00 | 179.00 | OK | |
r-oldrel-macos-arm64 | 0.1.1 | 71.00 | NOTE | |||
r-oldrel-macos-x86_64 | 0.1.1 | 140.00 | NOTE | |||
r-oldrel-windows-x86_64 | 0.1.1 | 82.00 | 144.00 | 226.00 | OK |
Version: 0.1.1
Check: installed package size
Result: NOTE
installed size is 17.0Mb
sub-directories of 1Mb or more:
libs 16.9Mb
Flavors: r-release-macos-arm64, r-release-macos-x86_64, r-oldrel-macos-arm64, r-oldrel-macos-x86_64