CRAN Package Check Results for Package expandFunctions

Last updated on 2025-07-02 12:52:01 CEST.

Flavor Version Tinstall Tcheck Ttotal Status Flags
r-devel-linux-x86_64-debian-clang 0.1.0 2.31 31.20 33.51 OK
r-devel-linux-x86_64-debian-gcc 0.1.0 2.00 24.58 26.58 OK
r-devel-linux-x86_64-fedora-clang 0.1.0 50.54 NOTE
r-devel-linux-x86_64-fedora-gcc 0.1.0 47.80 NOTE
r-devel-windows-x86_64 0.1.0 3.00 56.00 59.00 OK
r-patched-linux-x86_64 OK
r-release-linux-x86_64 0.1.0 1.91 28.62 30.53 OK
r-release-macos-arm64 0.1.0 28.00 OK
r-release-macos-x86_64 0.1.0 37.00 OK
r-release-windows-x86_64 0.1.0 4.00 55.00 59.00 OK
r-oldrel-macos-arm64 0.1.0 20.00 NOTE
r-oldrel-macos-x86_64 0.1.0 26.00 NOTE
r-oldrel-windows-x86_64 0.1.0 5.00 61.00 66.00 NOTE

Check Details

Version: 0.1.0
Check: dependencies in R code
Result: NOTE Namespace in Imports field not imported from: ‘polynom’ All declared Imports should be used. Flavors: r-devel-linux-x86_64-fedora-clang, r-devel-linux-x86_64-fedora-gcc

Version: 0.1.0
Check: LazyData
Result: NOTE 'LazyData' is specified without a 'data' directory Flavors: r-oldrel-macos-arm64, r-oldrel-macos-x86_64, r-oldrel-windows-x86_64