Last updated on 2025-07-04 00:50:02 CEST.
Flavor | Version | Tinstall | Tcheck | Ttotal | Status | Flags |
---|---|---|---|---|---|---|
r-devel-linux-x86_64-debian-clang | 3.0 | 7.86 | 72.45 | 80.31 | NOTE | |
r-devel-linux-x86_64-debian-gcc | 3.0 | 7.08 | 51.86 | 58.94 | NOTE | |
r-devel-linux-x86_64-fedora-clang | 3.0 | 123.62 | OK | |||
r-devel-linux-x86_64-fedora-gcc | 3.0 | 116.67 | OK | |||
r-devel-windows-x86_64 | 3.0 | 10.00 | 80.00 | 90.00 | OK | |
r-patched-linux-x86_64 | 3.0 | 9.05 | 66.97 | 76.02 | OK | |
r-release-linux-x86_64 | 3.0 | 8.46 | 67.89 | 76.35 | OK | |
r-release-macos-arm64 | 3.0 | 35.00 | OK | |||
r-release-macos-x86_64 | 3.0 | 65.00 | OK | |||
r-release-windows-x86_64 | 3.0 | 9.00 | 80.00 | 89.00 | OK | |
r-oldrel-macos-arm64 | 3.0 | 37.00 | OK | |||
r-oldrel-macos-x86_64 | 3.0 | 51.00 | OK | |||
r-oldrel-windows-x86_64 | 3.0 | 13.00 | 102.00 | 115.00 | OK |
Version: 3.0
Check: CRAN incoming feasibility
Result: NOTE
Maintainer: ‘Emmanuel Arnhold <emmanuelarnhold@yahoo.com.br>’
No Authors@R field in DESCRIPTION.
Please add one, modifying
Authors@R: person(given = "Emmanuel",
family = "Arnhold",
role = c("aut", "cre"),
email = "emmanuelarnhold@yahoo.com.br")
as necessary.
Flavors: r-devel-linux-x86_64-debian-clang, r-devel-linux-x86_64-debian-gcc