Last updated on 2025-10-24 12:50:04 CEST.
| Flavor | Version | Tinstall | Tcheck | Ttotal | Status | Flags |
|---|---|---|---|---|---|---|
| r-devel-linux-x86_64-debian-clang | 0.1.1 | 1.74 | 20.86 | 22.60 | NOTE | |
| r-devel-linux-x86_64-debian-gcc | 0.1.1 | 1.33 | 17.93 | 19.26 | NOTE | |
| r-devel-linux-x86_64-fedora-clang | 0.1.1 | 32.71 | OK | |||
| r-devel-linux-x86_64-fedora-gcc | 0.1.1 | 30.95 | OK | |||
| r-devel-windows-x86_64 | 0.1.1 | 3.00 | 41.00 | 44.00 | OK | |
| r-patched-linux-x86_64 | 0.1.1 | 1.53 | 19.89 | 21.42 | OK | |
| r-release-linux-x86_64 | 0.1.1 | 1.42 | 19.74 | 21.16 | OK | |
| r-release-macos-arm64 | 0.1.1 | 1.00 | 16.00 | 17.00 | OK | |
| r-release-macos-x86_64 | 0.1.1 | 1.00 | 26.00 | 27.00 | OK | |
| r-release-windows-x86_64 | 0.1.1 | 2.00 | 47.00 | 49.00 | OK | |
| r-oldrel-macos-arm64 | 0.1.1 | 1.00 | 14.00 | 15.00 | OK | |
| r-oldrel-macos-x86_64 | 0.1.1 | 2.00 | 19.00 | 21.00 | OK | |
| r-oldrel-windows-x86_64 | 0.1.1 | 3.00 | 42.00 | 45.00 | OK |
Version: 0.1.1
Check: CRAN incoming feasibility
Result: NOTE
Maintainer: ‘Simon Schwab <schw4b@gmail.com>’
No Authors@R field in DESCRIPTION.
Please add one, modifying
Authors@R: person(given = "Simon",
family = "Schwab",
role = c("aut", "cre"),
email = "schw4b@gmail.com")
as necessary.
Flavors: r-devel-linux-x86_64-debian-clang, r-devel-linux-x86_64-debian-gcc