CRAN Package Check Results for Package elevatr

Last updated on 2025-07-04 00:50:02 CEST.

Flavor Version Tinstall Tcheck Ttotal Status Flags
r-devel-linux-x86_64-debian-clang 0.99.0 3.59 61.69 65.28 NOTE
r-devel-linux-x86_64-debian-gcc 0.99.0 2.04 42.93 44.97 NOTE
r-devel-linux-x86_64-fedora-clang 0.99.0 103.34 OK
r-devel-linux-x86_64-fedora-gcc 0.99.0 113.81 OK
r-devel-windows-x86_64 0.99.0 6.00 77.00 83.00 NOTE
r-patched-linux-x86_64 0.99.0 3.75 56.63 60.38 NOTE
r-release-linux-x86_64 0.99.0 3.42 57.59 61.01 NOTE
r-release-macos-arm64 0.99.0 46.00 OK
r-release-macos-x86_64 0.99.0 77.00 OK
r-release-windows-x86_64 0.99.0 6.00 75.00 81.00 NOTE
r-oldrel-macos-arm64 0.99.0 35.00 OK
r-oldrel-macos-x86_64 0.99.0 54.00 OK
r-oldrel-windows-x86_64 0.99.0 6.00 96.00 102.00 OK

Check Details

Version: 0.99.0
Check: Rd cross-references
Result: NOTE Found the following Rd file(s) with Rd \link{} targets missing package anchors: get_aws_terrain.Rd: st_crs get_elev_point.Rd: st_crs get_elev_raster.Rd: st_crs get_opentopo.Rd: st_crs Please provide package anchors for all Rd \link{} targets not in the package itself and the base packages. Flavors: r-devel-linux-x86_64-debian-clang, r-devel-linux-x86_64-debian-gcc, r-devel-windows-x86_64, r-patched-linux-x86_64, r-release-linux-x86_64, r-release-windows-x86_64