Last updated on 2025-10-24 00:51:01 CEST.
| Flavor | Version | Tinstall | Tcheck | Ttotal | Status | Flags |
|---|---|---|---|---|---|---|
| r-devel-linux-x86_64-debian-clang | 1.0.1 | 1.22 | 14.59 | 15.81 | NOTE | |
| r-devel-linux-x86_64-debian-gcc | 1.0.1 | 1.00 | 11.98 | 12.98 | NOTE | |
| r-devel-linux-x86_64-fedora-clang | 1.0.1 | 22.13 | OK | |||
| r-devel-linux-x86_64-fedora-gcc | 1.0.1 | 21.69 | OK | |||
| r-devel-windows-x86_64 | 1.0.1 | 2.00 | 31.00 | 33.00 | OK | |
| r-patched-linux-x86_64 | 1.0.1 | 1.14 | 13.35 | 14.49 | OK | |
| r-release-linux-x86_64 | 1.0.1 | 1.23 | 13.56 | 14.79 | OK | |
| r-release-macos-arm64 | 1.0.1 | 1.00 | 13.00 | 14.00 | OK | |
| r-release-macos-x86_64 | 1.0.1 | 1.00 | 24.00 | 25.00 | OK | |
| r-release-windows-x86_64 | 1.0.1 | 3.00 | 33.00 | 36.00 | OK | |
| r-oldrel-macos-arm64 | 1.0.1 | 1.00 | 13.00 | 14.00 | OK | |
| r-oldrel-macos-x86_64 | 1.0.1 | 1.00 | 17.00 | 18.00 | OK | |
| r-oldrel-windows-x86_64 | 1.0.1 | 2.00 | 31.00 | 33.00 | OK |
Version: 1.0.1
Check: CRAN incoming feasibility
Result: NOTE
Maintainer: ‘Willem M. van der Wal <willem@vanderwalresearch.com>’
No Authors@R field in DESCRIPTION.
Please add one, modifying
Authors@R: person(given = c("Willem", "M."),
family = "van der Wal",
role = c("aut", "cre"),
email = "willem@vanderwalresearch.com")
as necessary.
Flavors: r-devel-linux-x86_64-debian-clang, r-devel-linux-x86_64-debian-gcc