CRAN Package Check Results for Package ds

Last updated on 2025-10-24 12:50:03 CEST.

Flavor Version Tinstall Tcheck Ttotal Status Flags
r-devel-linux-x86_64-debian-clang 4.0 1.89 21.79 23.68 NOTE
r-devel-linux-x86_64-debian-gcc 4.0 1.38 17.13 18.51 NOTE
r-devel-linux-x86_64-fedora-clang 4.0 33.82 OK
r-devel-linux-x86_64-fedora-gcc 4.0 32.41 OK
r-devel-windows-x86_64 4.0 2.00 42.00 44.00 OK
r-patched-linux-x86_64 4.0 1.84 20.33 22.17 OK
r-release-linux-x86_64 4.0 1.83 20.28 22.11 OK
r-release-macos-arm64 4.0 1.00 20.00 21.00 OK
r-release-macos-x86_64 4.0 2.00 22.00 24.00 OK
r-release-windows-x86_64 4.0 4.00 46.00 50.00 OK
r-oldrel-macos-arm64 4.0 1.00 15.00 16.00 OK
r-oldrel-macos-x86_64 4.0 2.00 19.00 21.00 OK
r-oldrel-windows-x86_64 4.0 4.00 43.00 47.00 OK

Check Details

Version: 4.0
Check: CRAN incoming feasibility
Result: NOTE Maintainer: ‘Emmanuel Arnhold <emmanuelarnhold@yahoo.com.br>’ No Authors@R field in DESCRIPTION. Please add one, modifying Authors@R: person(given = "Emmanuel", family = "Arnhold", role = c("aut", "cre"), email = "emmanuelarnhold@yahoo.com.br") as necessary. Package CITATION file contains call(s) to old-style personList() or as.personList(). Please use c() on person objects instead. Package CITATION file contains call(s) to old-style citEntry(). Please use bibentry() instead. Flavors: r-devel-linux-x86_64-debian-clang, r-devel-linux-x86_64-debian-gcc