Last updated on 2025-10-24 12:50:03 CEST.
| Flavor | Version | Tinstall | Tcheck | Ttotal | Status | Flags |
|---|---|---|---|---|---|---|
| r-devel-linux-x86_64-debian-clang | 1.1 | 1.34 | 18.50 | 19.84 | NOTE | |
| r-devel-linux-x86_64-debian-gcc | 1.1 | 1.44 | 15.09 | 16.53 | NOTE | |
| r-devel-linux-x86_64-fedora-clang | 1.1 | 30.45 | OK | |||
| r-devel-linux-x86_64-fedora-gcc | 1.1 | 28.50 | OK | |||
| r-devel-windows-x86_64 | 1.1 | 3.00 | 34.00 | 37.00 | OK | |
| r-patched-linux-x86_64 | 1.1 | 1.56 | 17.39 | 18.95 | OK | |
| r-release-linux-x86_64 | 1.1 | 1.44 | 17.31 | 18.75 | OK | |
| r-release-macos-arm64 | 1.1 | 1.00 | 12.00 | 13.00 | OK | |
| r-release-macos-x86_64 | 1.1 | 2.00 | 20.00 | 22.00 | OK | |
| r-release-windows-x86_64 | 1.1 | 2.00 | 36.00 | 38.00 | OK | |
| r-oldrel-macos-arm64 | 1.1 | 1.00 | 13.00 | 14.00 | NOTE | |
| r-oldrel-macos-x86_64 | 1.1 | 1.00 | 20.00 | 21.00 | NOTE | |
| r-oldrel-windows-x86_64 | 1.1 | 4.00 | 33.00 | 37.00 | NOTE |
Version: 1.1
Check: CRAN incoming feasibility
Result: NOTE
Maintainer: ‘James McVittie <james.mcvittie@mail.mcgill.ca>’
No Authors@R field in DESCRIPTION.
Please add one, modifying
Authors@R: person(given = "James",
family = "McVittie",
role = c("aut", "cre"),
email = "james.mcvittie@mail.mcgill.ca")
as necessary.
Flavors: r-devel-linux-x86_64-debian-clang, r-devel-linux-x86_64-debian-gcc
Version: 1.1
Check: LazyData
Result: NOTE
'LazyData' is specified without a 'data' directory
Flavors: r-oldrel-macos-arm64, r-oldrel-macos-x86_64, r-oldrel-windows-x86_64